Last updated on 2025-05-10 20:49:35 CEST.
Flavor | Version | Tinstall | Tcheck | Ttotal | Status | Flags |
---|---|---|---|---|---|---|
r-devel-linux-x86_64-debian-clang | 1.6.1 | 89.02 | 97.92 | 186.94 | OK | |
r-devel-linux-x86_64-debian-gcc | 1.6.1 | 66.25 | 73.05 | 139.30 | OK | |
r-devel-linux-x86_64-fedora-clang | 1.6.1 | 324.89 | OK | |||
r-devel-linux-x86_64-fedora-gcc | 1.6.1 | 364.74 | OK | |||
r-devel-windows-x86_64 | 1.6.1 | 111.00 | 161.00 | 272.00 | OK | |
r-patched-linux-x86_64 | 1.6.1 | 87.25 | 91.41 | 178.66 | OK | |
r-release-linux-x86_64 | 1.6.1 | 92.50 | 91.29 | 183.79 | OK | |
r-release-macos-arm64 | 1.6.1 | 113.00 | OK | |||
r-release-macos-x86_64 | 1.6.1 | 155.00 | OK | |||
r-release-windows-x86_64 | 1.6.1 | 107.00 | 154.00 | 261.00 | OK | |
r-oldrel-macos-arm64 | 1.6.1 | 87.00 | NOTE | |||
r-oldrel-macos-x86_64 | 1.6.1 | 158.00 | NOTE | |||
r-oldrel-windows-x86_64 | 1.6.1 | 129.00 | 187.00 | 316.00 | OK |
Version: 1.6.1
Check: installed package size
Result: NOTE
installed size is 6.3Mb
sub-directories of 1Mb or more:
libs 5.4Mb
Flavors: r-oldrel-macos-arm64, r-oldrel-macos-x86_64