CRAN Package Check Results for Package bigReg

Last updated on 2025-05-10 16:52:11 CEST.

Flavor Version Tinstall Tcheck Ttotal Status Flags
r-devel-linux-x86_64-debian-clang 0.1.5 34.87 34.57 69.44 NOTE
r-devel-linux-x86_64-debian-gcc 0.1.5 27.24 27.39 54.63 NOTE
r-devel-linux-x86_64-fedora-clang 0.1.5 123.62 OK
r-devel-linux-x86_64-fedora-gcc 0.1.5 135.21 OK
r-patched-linux-x86_64 0.1.5 37.21 33.33 70.54 OK
r-release-linux-x86_64 0.1.5 34.83 32.66 67.49 OK
r-release-macos-arm64 0.1.5 36.00 OK
r-release-macos-x86_64 0.1.5 52.00 OK
r-oldrel-macos-arm64 0.1.5 34.00 OK
r-oldrel-macos-x86_64 0.1.5 45.00 OK

Check Details

Version: 0.1.5
Check: CRAN incoming feasibility
Result: NOTE Maintainer: ‘Chibisi Chima-Okereke <chibisi@active-analytics.com>’ No Authors@R field in DESCRIPTION. Please add one, modifying Authors@R: person(given = "Chibisi", family = "Chima-Okereke", role = c("aut", "cre"), email = "chibisi@active-analytics.com") as necessary. Flavors: r-devel-linux-x86_64-debian-clang, r-devel-linux-x86_64-debian-gcc