Last updated on 2025-10-26 19:55:43 CET.
| Flavor | Version | Tinstall | Tcheck | Ttotal | Status | Flags |
|---|---|---|---|---|---|---|
| r-devel-linux-x86_64-debian-clang | 0.1.0 | 1.70 | 19.81 | 21.51 | OK | |
| r-devel-linux-x86_64-debian-gcc | 0.1.0 | 1.33 | 16.81 | 18.14 | OK | |
| r-devel-linux-x86_64-fedora-clang | 0.1.0 | 18.00 | 13.91 | 31.91 | OK | |
| r-devel-linux-x86_64-fedora-gcc | 0.1.0 | 29.06 | OK | |||
| r-devel-windows-x86_64 | 0.1.0 | 3.00 | 36.00 | 39.00 | OK | |
| r-patched-linux-x86_64 | 0.1.0 | 1.35 | 18.14 | 19.49 | OK | |
| r-release-linux-x86_64 | 0.1.0 | 1.65 | 18.04 | 19.69 | OK | |
| r-release-macos-arm64 | 0.1.0 | 1.00 | 14.00 | 15.00 | OK | |
| r-release-macos-x86_64 | 0.1.0 | 2.00 | 30.00 | 32.00 | OK | |
| r-release-windows-x86_64 | 0.1.0 | 3.00 | 39.00 | 42.00 | OK | |
| r-oldrel-macos-arm64 | 0.1.0 | 1.00 | 17.00 | 18.00 | NOTE | |
| r-oldrel-macos-x86_64 | 0.1.0 | 2.00 | 27.00 | 29.00 | NOTE | |
| r-oldrel-windows-x86_64 | 0.1.0 | 3.00 | 42.00 | 45.00 | NOTE |
Version: 0.1.0
Check: LazyData
Result: NOTE
'LazyData' is specified without a 'data' directory
Flavors: r-oldrel-macos-arm64, r-oldrel-macos-x86_64, r-oldrel-windows-x86_64