Last updated on 2025-07-15 16:48:20 CEST.
Flavor | Version | Tinstall | Tcheck | Ttotal | Status | Flags |
---|---|---|---|---|---|---|
r-devel-linux-x86_64-debian-clang | 0.1.1 | 2.47 | 24.46 | 26.93 | NOTE | |
r-devel-linux-x86_64-debian-gcc | 0.1.1 | 1.76 | 19.05 | 20.81 | NOTE | |
r-devel-linux-x86_64-fedora-clang | 0.1.1 | 39.81 | OK | |||
r-devel-linux-x86_64-fedora-gcc | 0.1.1 | 38.00 | OK | |||
r-devel-windows-x86_64 | 0.1.1 | 5.00 | 41.00 | 46.00 | OK | |
r-patched-linux-x86_64 | 0.1.1 | 2.65 | 22.11 | 24.76 | OK | |
r-release-linux-x86_64 | 0.1.1 | 2.22 | 21.89 | 24.11 | OK | |
r-release-macos-arm64 | 0.1.1 | 23.00 | OK | |||
r-release-macos-x86_64 | 0.1.1 | 30.00 | OK | |||
r-release-windows-x86_64 | 0.1.1 | 5.00 | 44.00 | 49.00 | OK | |
r-oldrel-macos-arm64 | 0.1.1 | 18.00 | OK | |||
r-oldrel-macos-x86_64 | 0.1.1 | 30.00 | OK | |||
r-oldrel-windows-x86_64 | 0.1.1 | 5.00 | 47.00 | 52.00 | OK |
Version: 0.1.1
Check: CRAN incoming feasibility
Result: NOTE
Maintainer: ‘Peter Thuresson <jpeter.thuresson@gmail.com>’
No Authors@R field in DESCRIPTION.
Please add one, modifying
Authors@R: person(given = "Peter",
family = "Thuresson",
role = c("aut", "cre"),
email = "jpeter.thuresson@gmail.com")
as necessary.
Flavors: r-devel-linux-x86_64-debian-clang, r-devel-linux-x86_64-debian-gcc