Last updated on 2025-05-10 16:52:11 CEST.
Flavor | Version | Tinstall | Tcheck | Ttotal | Status | Flags |
---|---|---|---|---|---|---|
r-devel-linux-x86_64-debian-clang | 1.0.5 | 7.54 | 61.65 | 69.19 | OK | |
r-devel-linux-x86_64-debian-gcc | 1.0.5 | 5.64 | 45.88 | 51.52 | OK | |
r-devel-linux-x86_64-fedora-clang | 1.0.5 | 113.10 | OK | |||
r-devel-linux-x86_64-fedora-gcc | 1.0.5 | 109.72 | OK | |||
r-devel-windows-x86_64 | 1.0.4 | 9.00 | 74.00 | 83.00 | NOTE | |
r-patched-linux-x86_64 | 1.0.5 | 6.87 | 59.58 | 66.45 | OK | |
r-release-linux-x86_64 | 1.0.5 | 7.65 | 59.14 | 66.79 | OK | |
r-release-macos-arm64 | 1.0.5 | 37.00 | OK | |||
r-release-macos-x86_64 | 1.0.5 | 65.00 | OK | |||
r-release-windows-x86_64 | 1.0.5 | 8.00 | 78.00 | 86.00 | OK | |
r-oldrel-macos-arm64 | 1.0.5 | 38.00 | OK | |||
r-oldrel-macos-x86_64 | 1.0.5 | 82.00 | OK | |||
r-oldrel-windows-x86_64 | 1.0.4 | 11.00 | 92.00 | 103.00 | OK |
Version: 1.0.4
Check: Rd cross-references
Result: NOTE
Found the following Rd file(s) with Rd \link{} targets missing package
anchors:
c3mtc.Rd: c3
Please provide package anchors for all Rd \link{} targets not in the
package itself and the base packages.
Flavor: r-devel-windows-x86_64