Last updated on 2025-11-06 03:48:32 CET.
| Flavor | Version | Tinstall | Tcheck | Ttotal | Status | Flags |
|---|---|---|---|---|---|---|
| r-devel-linux-x86_64-debian-clang | 1.7.1 | 20.44 | 377.14 | 397.58 | OK | |
| r-devel-linux-x86_64-debian-gcc | 1.7.1 | 14.29 | 241.74 | 256.03 | ERROR | |
| r-devel-linux-x86_64-fedora-clang | 1.7.1 | 40.00 | 612.77 | 652.77 | OK | |
| r-devel-linux-x86_64-fedora-gcc | 1.7.1 | 190.00 | 465.96 | 655.96 | OK | |
| r-devel-windows-x86_64 | 1.7.1 | 25.00 | 349.00 | 374.00 | OK | |
| r-patched-linux-x86_64 | 1.7.1 | 24.56 | 351.61 | 376.17 | OK | |
| r-release-linux-x86_64 | 1.7.1 | 19.97 | 357.81 | 377.78 | OK | |
| r-release-macos-arm64 | 1.7.1 | 13.00 | 194.00 | 207.00 | OK | |
| r-release-macos-x86_64 | 1.7.1 | 68.00 | 873.00 | 941.00 | OK | |
| r-release-windows-x86_64 | 1.7.1 | 24.00 | 358.00 | 382.00 | OK | |
| r-oldrel-macos-arm64 | 1.7.1 | 9.00 | 142.00 | 151.00 | OK | |
| r-oldrel-macos-x86_64 | 1.7.1 | 67.00 | 782.00 | 849.00 | OK | |
| r-oldrel-windows-x86_64 | 1.7.1 | 33.00 | 477.00 | 510.00 | OK |
Version: 1.7.1
Check: tests
Result: ERROR
Running ‘testthat.R’ [160s/208s]
Running the tests in ‘tests/testthat.R’ failed.
Complete output:
> if (requireNamespace("testthat", quietly = TRUE)) {
+ library("testthat")
+ library("checkmate")
+ test_check("bbotk")
+ }
Loading required package: bbotk
Loading required package: paradox
[ FAIL 2 | WARN 0 | SKIP 53 | PASS 960 ]
══ Skipped tests (53) ══════════════════════════════════════════════════════════
• On CRAN (52): 'test_ArchiveAsync.R:2:3', 'test_ArchiveAsync.R:61:3',
'test_ArchiveAsyncFrozen.R:2:3', 'test_ArchiveBatch.R:3:3',
'test_CallbackAsync.R:4:3', 'test_CallbackAsync.R:31:3',
'test_CallbackAsync.R:59:3', 'test_CallbackAsync.R:88:3',
'test_CallbackAsync.R:118:3', 'test_CallbackAsync.R:154:3',
'test_CallbackAsync.R:183:3', 'test_CallbackAsync.R:210:3',
'test_CallbackAsync.R:239:3', 'test_CallbackAsync.R:269:3',
'test_CallbackAsync.R:297:3', 'test_Objective.R:9:3',
'test_OptimInstanceAsyncSingleCrit.R:2:3',
'test_OptimInstanceAsyncSingleCrit.R:26:3',
'test_OptimInstanceAsyncSingleCrit.R:45:3',
'test_OptimInstanceAsyncSingleCrit.R:65:3',
'test_OptimInstanceAsyncSingleCrit.R:82:3',
'test_OptimInstanceAsyncSingleCrit.R:109:3',
'test_OptimInstanceBatchMultiCrit.R:3:3',
'test_OptimInstanceBatchSingleCrit.R:8:3',
'test_OptimizerAsynDesignPoints.R:2:3', 'test_OptimizerAsynGridSearch.R:2:3',
'test_OptimizerAsync.R:2:3', 'test_OptimizerAsync.R:26:3',
'test_OptimizerAsync.R:50:3', 'test_OptimizerAsync.R:73:3',
'test_OptimizerAsync.R:95:3', 'test_OptimizerAsync.R:124:3',
'test_OptimizerAsync.R:155:3', 'test_OptimizerAsync.R:178:3',
'test_OptimizerAsyncRandomSearch.R:2:3', 'test_OptimizerBatchCmaes.R:28:3',
'test_OptimizerBatchDesignPoints.R:5:3',
'test_OptimizerBatchFocusSearch.R:4:3', 'test_OptimizerBatchGenSA.R:6:3',
'test_OptimizerBatchGridSearch.R:4:3', 'test_OptimizerBatchNLoptr.R:9:3',
'test_OptimizerBatchRandomSearch.R:4:3', 'test_TerminatorClockTime.R:5:3',
'test_TerminatorCombo.R:6:3', 'test_TerminatorEvals.R:5:3',
'test_TerminatorNone.R:5:3', 'test_TerminatorPerfReached.R:4:3',
'test_TerminatorRunTime.R:2:5', 'test_TerminatorStagnation.R:5:3',
'test_TerminatorStagnationBatch.R:5:3',
'test_TerminatorStagnationBatch.R:19:3', 'test_mlr_callbacks.R:58:3'
• TRUE is TRUE (1): 'test_mlr_callbacks.R:19:3'
══ Failed tests ════════════════════════════════════════════════════════════════
── Failure ('test_OptimizerBatchLocalSearch.R:154:3'): OptimizerBatchLocalSearch works with dependencies on factor parameter ──
abs(instance$archive$best()$y) < 0.001 is not TRUE
`actual`: FALSE
`expected`: TRUE
── Failure ('test_OptimizerBatchLocalSearch.R:391:3'): OptimizerBatchLocalSearch restarts work ──
unique(round(instance$archive$data$x, 3)) has length 1, not length 2.
[ FAIL 2 | WARN 0 | SKIP 53 | PASS 960 ]
Error: Test failures
Execution halted
Flavor: r-devel-linux-x86_64-debian-gcc