Last updated on 2025-07-21 16:50:10 CEST.
Flavor | Version | Tinstall | Tcheck | Ttotal | Status | Flags |
---|---|---|---|---|---|---|
r-devel-linux-x86_64-debian-clang | 1.0.0 | 130.80 | 121.91 | 252.71 | OK | |
r-devel-linux-x86_64-debian-gcc | 1.0.0 | 116.71 | 98.27 | 214.98 | OK | |
r-devel-linux-x86_64-fedora-clang | 1.0.0 | 378.19 | OK | |||
r-devel-linux-x86_64-fedora-gcc | 1.0.0 | 466.55 | OK | |||
r-devel-windows-x86_64 | 1.0.0 | 141.00 | 141.00 | 282.00 | OK | |
r-patched-linux-x86_64 | 1.0.0 | 145.46 | 125.31 | 270.77 | OK | |
r-release-linux-x86_64 | 1.0.0 | 147.93 | 124.61 | 272.54 | OK | |
r-release-macos-arm64 | 1.0.0 | 100.00 | OK | |||
r-release-macos-x86_64 | 1.0.0 | 263.00 | OK | |||
r-release-windows-x86_64 | 1.0.0 | 141.00 | 136.00 | 277.00 | OK | |
r-oldrel-macos-arm64 | 1.0.0 | 97.00 | NOTE | |||
r-oldrel-macos-x86_64 | 1.0.0 | 154.00 | NOTE | |||
r-oldrel-windows-x86_64 | 1.0.0 | 163.00 | 178.00 | 341.00 | NOTE |
Version: 1.0.0
Check: installed package size
Result: NOTE
installed size is 43.7Mb
sub-directories of 1Mb or more:
libs 43.1Mb
Flavors: r-oldrel-macos-arm64, r-oldrel-macos-x86_64
Version: 1.0.0
Check: for GNU extensions in Makefiles
Result: NOTE
GNU make is a SystemRequirements.
Flavors: r-oldrel-macos-arm64, r-oldrel-macos-x86_64, r-oldrel-windows-x86_64