Last updated on 2025-05-10 20:49:35 CEST.
Flavor | Version | Tinstall | Tcheck | Ttotal | Status | Flags |
---|---|---|---|---|---|---|
r-devel-linux-x86_64-debian-clang | 2.0.12 | 16.40 | 132.66 | 149.06 | NOTE | |
r-devel-linux-x86_64-debian-gcc | 2.0.12 | 11.15 | 94.30 | 105.45 | NOTE | |
r-devel-linux-x86_64-fedora-clang | 2.0.12 | 236.32 | OK | |||
r-devel-linux-x86_64-fedora-gcc | 2.0.12 | 246.66 | OK | |||
r-devel-windows-x86_64 | 2.0.12 | 18.00 | 144.00 | 162.00 | OK | |
r-patched-linux-x86_64 | 2.0.12 | 17.59 | 126.88 | 144.47 | OK | |
r-release-linux-x86_64 | 2.0.12 | 15.54 | 125.96 | 141.50 | OK | |
r-release-macos-arm64 | 2.0.12 | 77.00 | OK | |||
r-release-macos-x86_64 | 2.0.12 | 167.00 | OK | |||
r-release-windows-x86_64 | 2.0.12 | 19.00 | 143.00 | 162.00 | OK | |
r-oldrel-macos-arm64 | 2.0.12 | 78.00 | OK | |||
r-oldrel-macos-x86_64 | 2.0.12 | 269.00 | OK | |||
r-oldrel-windows-x86_64 | 2.0.12 | 25.00 | 181.00 | 206.00 | OK |
Version: 2.0.12
Check: CRAN incoming feasibility
Result: NOTE
Maintainer: ‘Erik W Leppo <Erik.Leppo@tetratech.com>’
No Authors@R field in DESCRIPTION.
Please add one, modifying
Authors@R: c(person(given = "Rebecca",
family = "Murphy",
role = "aut"),
person(given = "Elgin",
family = "Perry",
role = "aut"),
person(given = "Jennifer",
family = "Keisman",
role = "aut"),
person(given = "Jon",
family = "Harcum",
role = "aut"),
person(given = c("Erik", "W"),
family = "Leppo",
role = c("aut", "cre"),
email = "erik.leppo@tetratech.com"))
as necessary.
Flavors: r-devel-linux-x86_64-debian-clang, r-devel-linux-x86_64-debian-gcc