Last updated on 2025-05-10 20:49:35 CEST.
Flavor | Version | Tinstall | Tcheck | Ttotal | Status | Flags |
---|---|---|---|---|---|---|
r-devel-linux-x86_64-debian-clang | 0.3.0 | 111.77 | 25.32 | 137.09 | OK | |
r-devel-linux-x86_64-debian-gcc | 0.3.0 | 73.59 | 19.33 | 92.92 | OK | |
r-devel-linux-x86_64-fedora-clang | 0.3.0 | 259.85 | OK | |||
r-devel-linux-x86_64-fedora-gcc | 0.3.0 | 278.55 | OK | |||
r-devel-windows-x86_64 | 0.3.0 | 121.00 | 65.00 | 186.00 | OK | |
r-patched-linux-x86_64 | 0.3.0 | 111.85 | 23.82 | 135.67 | OK | |
r-release-linux-x86_64 | 0.3.0 | 108.04 | 23.55 | 131.59 | OK | |
r-release-macos-arm64 | 0.3.0 | 66.00 | OK | |||
r-release-macos-x86_64 | 0.3.0 | 58.00 | OK | |||
r-release-windows-x86_64 | 0.3.0 | 118.00 | 71.00 | 189.00 | OK | |
r-oldrel-macos-arm64 | 0.3.0 | 57.00 | NOTE | |||
r-oldrel-macos-x86_64 | 0.3.0 | 77.00 | NOTE | |||
r-oldrel-windows-x86_64 | 0.3.0 | 137.00 | 80.00 | 217.00 | OK |
Version: 0.3.0
Check: installed package size
Result: NOTE
installed size is 5.5Mb
sub-directories of 1Mb or more:
libs 5.4Mb
Flavors: r-oldrel-macos-arm64, r-oldrel-macos-x86_64