Last updated on 2025-05-10 12:49:37 CEST.
Flavor | Version | Tinstall | Tcheck | Ttotal | Status | Flags |
---|---|---|---|---|---|---|
r-devel-linux-x86_64-debian-clang | 0.8.5 | 24.34 | 110.38 | 134.72 | NOTE | |
r-devel-linux-x86_64-debian-gcc | 0.8.5 | 17.94 | 83.31 | 101.25 | NOTE | |
r-devel-linux-x86_64-fedora-clang | 0.8.5 | 203.58 | NOTE | |||
r-devel-linux-x86_64-fedora-gcc | 0.8.5 | 211.44 | NOTE | |||
r-devel-windows-x86_64 | 0.8.5 | 20.00 | 101.00 | 121.00 | NOTE | |
r-patched-linux-x86_64 | 0.8.5 | 26.27 | 106.89 | 133.16 | NOTE | |
r-release-linux-x86_64 | 0.8.5 | 26.49 | 107.22 | 133.71 | NOTE | |
r-release-macos-arm64 | 0.8.5 | 49.00 | OK | |||
r-release-macos-x86_64 | 0.8.5 | 185.00 | OK | |||
r-release-windows-x86_64 | 0.8.5 | 19.00 | 100.00 | 119.00 | NOTE | |
r-oldrel-macos-arm64 | 0.8.5 | 51.00 | OK | |||
r-oldrel-macos-x86_64 | 0.8.5 | 79.00 | OK | |||
r-oldrel-windows-x86_64 | 0.8.5 | 26.00 | 127.00 | 153.00 | OK |
Version: 0.8.5
Check: CRAN incoming feasibility
Result: NOTE
Maintainer: ‘Viet-Phuong La <lvphuong@gmail.com>’
Found the following \keyword or \concept entries
which likely give several index terms:
File ‘graphs.Rd’:
\keyword{directed acyclic graphs, bayesvl}
File ‘plots.Rd’:
\keyword{directed acyclic graphs, bayesvl, bayesvl [TRUNCATED]
File ‘stan.Rd’:
\keyword{directed acyclic graphs, bayesvl}
File ‘vl2bn.Rd’:
\keyword{directed acyclic graphs, bayesvl, bayesvl [TRUNCATED]
Flavors: r-devel-linux-x86_64-debian-clang, r-devel-linux-x86_64-debian-gcc
Version: 0.8.5
Check: Rd cross-references
Result: NOTE
Found the following Rd file(s) with Rd \link{} targets missing package
anchors:
stan.Rd: stan
Please provide package anchors for all Rd \link{} targets not in the
package itself and the base packages.
Flavors: r-devel-linux-x86_64-debian-clang, r-devel-linux-x86_64-debian-gcc, r-devel-windows-x86_64, r-patched-linux-x86_64, r-release-linux-x86_64, r-release-windows-x86_64
Version: 0.8.5
Check: dependencies in R code
Result: NOTE
Namespace in Imports field not imported from: ‘dplyr’
All declared Imports should be used.
Flavors: r-devel-linux-x86_64-fedora-clang, r-devel-linux-x86_64-fedora-gcc