Last updated on 2025-07-24 12:51:20 CEST.
Flavor | Version | Tinstall | Tcheck | Ttotal | Status | Flags |
---|---|---|---|---|---|---|
r-devel-linux-x86_64-debian-clang | 3.1-6 | 425.49 | 388.47 | 813.96 | NOTE | |
r-devel-linux-x86_64-debian-gcc | 3.1-6 | 303.27 | 220.36 | 523.63 | NOTE | |
r-devel-linux-x86_64-fedora-clang | 3.1-6 | 1500.81 | OK | |||
r-devel-linux-x86_64-fedora-gcc | 3.1-6 | 1307.88 | OK | |||
r-devel-windows-x86_64 | 3.1-6 | 451.00 | 392.00 | 843.00 | OK | |
r-patched-linux-x86_64 | 3.1-6 | 433.23 | 318.12 | 751.35 | OK | |
r-release-linux-x86_64 | 3.1-6 | 414.17 | 321.05 | 735.22 | OK | |
r-release-macos-arm64 | 3.1-6 | 330.00 | OK | |||
r-release-macos-x86_64 | 3.1-6 | 503.00 | OK | |||
r-release-windows-x86_64 | 3.1-6 | 459.00 | 391.00 | 850.00 | OK | |
r-oldrel-macos-arm64 | 3.1-6 | 276.00 | NOTE | |||
r-oldrel-macos-x86_64 | 3.1-6 | 340.00 | NOTE | |||
r-oldrel-windows-x86_64 | 3.1-6 | 550.00 | 519.00 | 1069.00 | NOTE |
Version: 3.1-6
Check: CRAN incoming feasibility
Result: NOTE
Maintainer: ‘Peter Rossi <perossichi@gmail.com>’
No Authors@R field in DESCRIPTION.
Please add one, modifying
Authors@R: person(given = "Peter",
family = "Rossi",
role = c("aut", "cre"),
email = "perossichi@gmail.com")
as necessary.
Flavors: r-devel-linux-x86_64-debian-clang, r-devel-linux-x86_64-debian-gcc
Version: 3.1-6
Check: installed package size
Result: NOTE
installed size is 26.5Mb
sub-directories of 1Mb or more:
doc 2.8Mb
libs 22.1Mb
Flavors: r-oldrel-macos-arm64, r-oldrel-macos-x86_64, r-oldrel-windows-x86_64