CRAN Package Check Results for Package basksim

Last updated on 2025-11-06 07:49:27 CET.

Flavor Version Tinstall Tcheck Ttotal Status Flags
r-devel-linux-x86_64-debian-clang 1.0.0 4.02 736.95 740.97 NOTE
r-devel-linux-x86_64-debian-gcc 1.0.0 2.56 458.90 461.46 NOTE
r-devel-linux-x86_64-fedora-clang 1.0.0 1203.85 OK
r-devel-linux-x86_64-fedora-gcc 1.0.0 1200.50 OK
r-devel-windows-x86_64 1.0.0 8.00 834.00 842.00 OK
r-patched-linux-x86_64 1.0.0 4.06 700.66 704.72 OK
r-release-linux-x86_64 1.0.0 3.61 695.80 699.41 OK
r-release-macos-arm64 1.0.0 2.00 312.00 314.00 OK
r-release-macos-x86_64 1.0.0 4.00 780.00 784.00 OK
r-release-windows-x86_64 1.0.0 7.00 838.00 845.00 OK
r-oldrel-macos-arm64 1.0.0 2.00 261.00 263.00 OK
r-oldrel-macos-x86_64 1.0.0 3.00 477.00 480.00 OK
r-oldrel-windows-x86_64 1.0.0 8.00 1068.00 1076.00 OK

Check Details

Version: 1.0.0
Check: DESCRIPTION meta-information
Result: NOTE Author field differs from that derived from Authors@R Author: ‘Lukas Baumann [aut, cre] (<https://orcid.org/0000-0001-7931-7470>), Lukas Sauer [ctb] (0000-0002-1340-9994)’ Authors@R: ‘Lukas Baumann [aut, cre] (ORCID: <https://orcid.org/0000-0001-7931-7470>), Lukas Sauer [ctb] (ORIC: 0000-0002-1340-9994)’ Flavors: r-devel-linux-x86_64-debian-clang, r-devel-linux-x86_64-debian-gcc