Last updated on 2025-05-10 16:52:10 CEST.
Flavor | Version | Tinstall | Tcheck | Ttotal | Status | Flags |
---|---|---|---|---|---|---|
r-devel-linux-x86_64-debian-clang | 0.2.0 | 5.64 | 58.05 | 63.69 | OK | |
r-devel-linux-x86_64-debian-gcc | 0.2.0 | 3.80 | 40.88 | 44.68 | OK | |
r-devel-linux-x86_64-fedora-clang | 0.2.0 | 97.36 | OK | |||
r-devel-linux-x86_64-fedora-gcc | 0.2.0 | 95.84 | OK | |||
r-devel-windows-x86_64 | 0.2.0 | 7.00 | 66.00 | 73.00 | OK | |
r-patched-linux-x86_64 | 0.2.0 | 4.58 | 53.99 | 58.57 | OK | |
r-release-linux-x86_64 | 0.2.0 | 4.94 | 54.36 | 59.30 | OK | |
r-release-macos-arm64 | 0.2.0 | 53.00 | OK | |||
r-release-macos-x86_64 | 0.2.0 | 57.00 | OK | |||
r-release-windows-x86_64 | 0.2.0 | 6.00 | 68.00 | 74.00 | OK | |
r-oldrel-macos-arm64 | 0.2.0 | 30.00 | NOTE | |||
r-oldrel-macos-x86_64 | 0.2.0 | 43.00 | NOTE | |||
r-oldrel-windows-x86_64 | 0.2.0 | 7.00 | 82.00 | 89.00 | NOTE |
Version: 0.2.0
Check: LazyData
Result: NOTE
'LazyData' is specified without a 'data' directory
Flavors: r-oldrel-macos-arm64, r-oldrel-macos-x86_64, r-oldrel-windows-x86_64