Last updated on 2025-05-10 20:49:35 CEST.
Flavor | Version | Tinstall | Tcheck | Ttotal | Status | Flags |
---|---|---|---|---|---|---|
r-devel-linux-x86_64-debian-clang | 2.1.3 | 12.95 | 35.55 | 48.50 | NOTE | |
r-devel-linux-x86_64-debian-gcc | 2.1.3 | 9.09 | 27.21 | 36.30 | NOTE | |
r-devel-linux-x86_64-fedora-clang | 2.1.3 | 84.61 | OK | |||
r-devel-linux-x86_64-fedora-gcc | 2.1.3 | 94.74 | OK | |||
r-devel-windows-x86_64 | 2.1.3 | 20.00 | 61.00 | 81.00 | OK | |
r-patched-linux-x86_64 | 2.1.3 | 12.55 | 33.50 | 46.05 | OK | |
r-release-linux-x86_64 | 2.1.3 | 11.05 | 33.68 | 44.73 | OK | |
r-release-macos-arm64 | 2.1.3 | 35.00 | OK | |||
r-release-macos-x86_64 | 2.1.3 | 71.00 | OK | |||
r-release-windows-x86_64 | 2.1.3 | 21.00 | 59.00 | 80.00 | OK | |
r-oldrel-macos-arm64 | 2.1.3 | 39.00 | OK | |||
r-oldrel-macos-x86_64 | 2.1.3 | 51.00 | OK | |||
r-oldrel-windows-x86_64 | 2.1.3 | 19.00 | 69.00 | 88.00 | OK |
Version: 2.1.3
Check: CRAN incoming feasibility
Result: NOTE
Maintainer: ‘Volker Schmid <volker.schmid@lmu.de>’
Package CITATION file contains call(s) to old-style personList() or
as.personList(). Please use c() on person objects instead.
Package CITATION file contains call(s) to old-style citEntry(). Please
use bibentry() instead.
Flavors: r-devel-linux-x86_64-debian-clang, r-devel-linux-x86_64-debian-gcc