Last updated on 2025-05-10 20:49:36 CEST.
Flavor | Version | Tinstall | Tcheck | Ttotal | Status | Flags |
---|---|---|---|---|---|---|
r-devel-linux-x86_64-debian-clang | 0.4-4 | 10.58 | 62.01 | 72.59 | NOTE | |
r-devel-linux-x86_64-debian-gcc | 0.4-4 | 6.90 | 42.78 | 49.68 | NOTE | |
r-devel-linux-x86_64-fedora-clang | 0.4-4 | 117.51 | OK | |||
r-devel-linux-x86_64-fedora-gcc | 0.4-4 | 110.89 | OK | |||
r-devel-windows-x86_64 | 0.4-4 | 12.00 | 76.00 | 88.00 | OK | |
r-patched-linux-x86_64 | 0.4-4 | 10.82 | 59.46 | 70.28 | OK | |
r-release-linux-x86_64 | 0.4-4 | 10.72 | 58.60 | 69.32 | OK | |
r-release-macos-arm64 | 0.4-4 | 31.00 | OK | |||
r-release-macos-x86_64 | 0.4-4 | 68.00 | OK | |||
r-release-windows-x86_64 | 0.4-4 | 13.00 | 71.00 | 84.00 | OK | |
r-oldrel-macos-arm64 | 0.4-4 | 29.00 | OK | |||
r-oldrel-macos-x86_64 | 0.4-4 | 46.00 | OK | |||
r-oldrel-windows-x86_64 | 0.4-4 | 15.00 | 92.00 | 107.00 | OK |
Version: 0.4-4
Check: CRAN incoming feasibility
Result: NOTE
Maintainer: ‘Christian Graul <christian.graul@gmail.com>’
No Authors@R field in DESCRIPTION.
Please add one, modifying
Authors@R: c(person(given = "Christian",
family = "Graul",
role = c("aut", "cre"),
email = "christian.graul@gmail.com"),
person(given = "Carsten",
family = "Poppinga",
role = "aut"))
as necessary.
Flavors: r-devel-linux-x86_64-debian-clang, r-devel-linux-x86_64-debian-gcc