Last updated on 2025-05-10 20:49:35 CEST.
Flavor | Version | Tinstall | Tcheck | Ttotal | Status | Flags |
---|---|---|---|---|---|---|
r-devel-linux-x86_64-debian-clang | 1.0.5 | 14.91 | 155.30 | 170.21 | NOTE | |
r-devel-linux-x86_64-debian-gcc | 1.0.5 | 10.79 | 103.79 | 114.58 | NOTE | |
r-devel-linux-x86_64-fedora-clang | 1.0.5 | 255.64 | NOTE | |||
r-devel-linux-x86_64-fedora-gcc | 1.0.5 | 258.95 | NOTE | |||
r-devel-windows-x86_64 | 1.0.5 | 27.00 | 288.00 | 315.00 | NOTE | |
r-patched-linux-x86_64 | 1.0.5 | 30.87 | 142.79 | 173.66 | NOTE | |
r-release-linux-x86_64 | 1.0.5 | 15.35 | 143.29 | 158.64 | NOTE | |
r-release-macos-arm64 | 1.0.5 | 140.00 | NOTE | |||
r-release-macos-x86_64 | 1.0.5 | 171.00 | NOTE | |||
r-release-windows-x86_64 | 1.0.5 | 27.00 | 285.00 | 312.00 | NOTE | |
r-oldrel-macos-arm64 | 1.0.5 | 95.00 | NOTE | |||
r-oldrel-macos-x86_64 | 1.0.5 | 121.00 | NOTE | |||
r-oldrel-windows-x86_64 | 1.0.5 | 33.00 | 312.00 | 345.00 | NOTE |
Version: 1.0.5
Check: Rd files
Result: NOTE
checkRd: (-1) ec2_create_security_group.Rd:66: Escaped LaTeX specials: \#
checkRd: (-1) ec2_create_security_group.Rd:66: Escaped LaTeX specials: \$
checkRd: (-1) ec2_create_security_group.Rd:79: Escaped LaTeX specials: \#
checkRd: (-1) ec2_create_security_group.Rd:79: Escaped LaTeX specials: \$
Flavors: r-devel-linux-x86_64-debian-clang, r-devel-linux-x86_64-debian-gcc, r-devel-linux-x86_64-fedora-clang, r-devel-linux-x86_64-fedora-gcc, r-devel-windows-x86_64, r-patched-linux-x86_64, r-release-linux-x86_64, r-release-macos-arm64, r-release-macos-x86_64, r-release-windows-x86_64, r-oldrel-macos-arm64, r-oldrel-macos-x86_64, r-oldrel-windows-x86_64