Last updated on 2025-05-10 20:49:35 CEST.
Flavor | Version | Tinstall | Tcheck | Ttotal | Status | Flags |
---|---|---|---|---|---|---|
r-devel-linux-x86_64-debian-clang | 0.2.0 | 1.72 | 20.46 | 22.18 | NOTE | |
r-devel-linux-x86_64-debian-gcc | 0.2.0 | 1.40 | 17.27 | 18.67 | NOTE | |
r-devel-linux-x86_64-fedora-clang | 0.2.0 | 32.85 | OK | |||
r-devel-linux-x86_64-fedora-gcc | 0.2.0 | 30.95 | OK | |||
r-devel-windows-x86_64 | 0.2.0 | 4.00 | 49.00 | 53.00 | OK | |
r-patched-linux-x86_64 | 0.2.0 | 1.80 | 18.72 | 20.52 | OK | |
r-release-linux-x86_64 | 0.2.0 | 1.56 | 18.75 | 20.31 | OK | |
r-release-macos-arm64 | 0.2.0 | 22.00 | OK | |||
r-release-macos-x86_64 | 0.2.0 | 31.00 | OK | |||
r-release-windows-x86_64 | 0.2.0 | 5.00 | 52.00 | 57.00 | OK | |
r-oldrel-macos-arm64 | 0.2.0 | 23.00 | OK | |||
r-oldrel-macos-x86_64 | 0.2.0 | 25.00 | OK | |||
r-oldrel-windows-x86_64 | 0.2.0 | 5.00 | 51.00 | 56.00 | OK |
Version: 0.2.0
Check: CRAN incoming feasibility
Result: NOTE
Maintainer: ‘Jonathan Stott <jonathan.stott@magairports.com>’
Package CITATION file contains call(s) to old-style personList() or
as.personList(). Please use c() on person objects instead.
Package CITATION file contains call(s) to old-style citEntry(). Please
use bibentry() instead.
Flavors: r-devel-linux-x86_64-debian-clang, r-devel-linux-x86_64-debian-gcc