Last updated on 2024-05-19 12:53:40 CEST.
Flavor | Version | Tinstall | Tcheck | Ttotal | Status | Flags |
---|---|---|---|---|---|---|
r-devel-linux-x86_64-debian-clang | 0.5.2 | 4.66 | 57.80 | 62.46 | OK | |
r-devel-linux-x86_64-debian-gcc | 0.5.2 | 3.84 | 44.56 | 48.40 | OK | |
r-devel-linux-x86_64-fedora-clang | 0.5.2 | 85.32 | NOTE | |||
r-devel-linux-x86_64-fedora-gcc | 0.5.2 | 131.73 | NOTE | |||
r-devel-windows-x86_64 | 0.5.2 | 6.00 | 66.00 | 72.00 | OK | |
r-patched-linux-x86_64 | 0.5.2 | 6.01 | 56.69 | 62.70 | OK | |
r-release-linux-x86_64 | 0.5.2 | 5.63 | 55.50 | 61.13 | OK | |
r-release-macos-arm64 | 0.5.2 | 30.00 | OK | |||
r-release-macos-x86_64 | 0.5.2 | 73.00 | OK | |||
r-release-windows-x86_64 | 0.5.2 | 7.00 | 68.00 | 75.00 | OK | |
r-oldrel-macos-arm64 | 0.5.2 | 34.00 | OK | |||
r-oldrel-macos-x86_64 | 0.5.2 | 63.00 | OK | |||
r-oldrel-windows-x86_64 | 0.5.2 | 7.00 | 78.00 | 85.00 | OK |
Version: 0.5.2
Check: data for non-ASCII characters
Result: NOTE
Note: found 54582 marked UTF-8 strings
Flavors: r-devel-linux-x86_64-fedora-clang, r-devel-linux-x86_64-fedora-gcc