CRAN Package Check Results for Package assortnet

Last updated on 2025-05-10 16:52:10 CEST.

Flavor Version Tinstall Tcheck Ttotal Status Flags
r-devel-linux-x86_64-debian-clang 0.20 1.63 17.54 19.17 NOTE
r-devel-linux-x86_64-debian-gcc 0.20 1.34 14.48 15.82 NOTE
r-devel-linux-x86_64-fedora-clang 0.20 31.18 OK
r-devel-linux-x86_64-fedora-gcc 0.20 29.11 OK
r-devel-windows-x86_64 0.20 3.00 42.00 45.00 OK
r-patched-linux-x86_64 0.20 1.85 17.22 19.07 OK
r-release-linux-x86_64 0.20 1.71 16.97 18.68 OK
r-release-macos-arm64 0.20 15.00 OK
r-release-macos-x86_64 0.20 23.00 OK
r-release-windows-x86_64 0.20 3.00 44.00 47.00 OK
r-oldrel-macos-arm64 0.20 20.00 OK
r-oldrel-macos-x86_64 0.20 21.00 OK
r-oldrel-windows-x86_64 0.20 3.00 41.00 44.00 OK

Check Details

Version: 0.20
Check: CRAN incoming feasibility
Result: NOTE Maintainer: ‘Damien Farine <damien.farine@anu.edu.au>’ No Authors@R field in DESCRIPTION. Please add one, modifying Authors@R: person(given = "Damien", family = "Farine", role = c("aut", "cre"), email = "damien.farine@anu.edu.au") as necessary. Flavors: r-devel-linux-x86_64-debian-clang, r-devel-linux-x86_64-debian-gcc