Last updated on 2025-05-10 12:49:36 CEST.
Flavor | Version | Tinstall | Tcheck | Ttotal | Status | Flags |
---|---|---|---|---|---|---|
r-devel-linux-x86_64-debian-clang | 0.2-31 | 33.29 | 136.44 | 169.73 | OK | |
r-devel-linux-x86_64-debian-gcc | 0.2-31 | 22.19 | 94.21 | 116.40 | OK | |
r-devel-linux-x86_64-fedora-clang | 0.2-31 | 321.26 | OK | |||
r-devel-linux-x86_64-fedora-gcc | 0.2-31 | 263.39 | OK | |||
r-devel-windows-x86_64 | 0.2-31 | 47.00 | 146.00 | 193.00 | OK | |
r-patched-linux-x86_64 | 0.2-31 | 33.58 | 129.97 | 163.55 | OK | |
r-release-linux-x86_64 | 0.2-31 | 31.03 | 129.60 | 160.63 | OK | |
r-release-macos-arm64 | 0.2-31 | 96.00 | OK | |||
r-release-macos-x86_64 | 0.2-31 | 186.00 | OK | |||
r-release-windows-x86_64 | 0.2-31 | 47.00 | 155.00 | 202.00 | OK | |
r-oldrel-macos-arm64 | 0.2-31 | 86.00 | OK | |||
r-oldrel-macos-x86_64 | 0.2-31 | 215.00 | OK | |||
r-oldrel-windows-x86_64 | 0.2-31 | 56.00 | 192.00 | 248.00 | NOTE |
Version: 0.2-31
Check: installed package size
Result: NOTE
installed size is 14.4Mb
sub-directories of 1Mb or more:
bin 11.3Mb
misc 2.1Mb
Flavor: r-oldrel-windows-x86_64