Last updated on 2025-05-10 16:52:10 CEST.
Flavor | Version | Tinstall | Tcheck | Ttotal | Status | Flags |
---|---|---|---|---|---|---|
r-devel-linux-x86_64-debian-clang | 0.0.18 | 3.01 | 198.39 | 201.40 | OK | |
r-devel-linux-x86_64-debian-gcc | 0.0.18 | 2.43 | 153.24 | 155.67 | OK | |
r-devel-linux-x86_64-fedora-clang | 0.0.18 | 315.40 | OK | |||
r-devel-linux-x86_64-fedora-gcc | 0.0.18 | 346.26 | OK | |||
r-devel-windows-x86_64 | 0.0.18 | 4.00 | 242.00 | 246.00 | OK | |
r-patched-linux-x86_64 | 0.0.18 | 2.77 | 193.39 | 196.16 | OK | |
r-release-linux-x86_64 | 0.0.18 | 3.11 | 191.63 | 194.74 | OK | |
r-release-macos-arm64 | 0.0.18 | 133.00 | OK | |||
r-release-macos-x86_64 | 0.0.18 | 242.00 | OK | |||
r-release-windows-x86_64 | 0.0.18 | 4.00 | 240.00 | 244.00 | OK | |
r-oldrel-macos-arm64 | 0.0.18 | 112.00 | OK | |||
r-oldrel-macos-x86_64 | 0.0.18 | 205.00 | NOTE | |||
r-oldrel-windows-x86_64 | 0.0.18 | 5.00 | 294.00 | 299.00 | OK |
Version: 0.0.18
Check: package dependencies
Result: NOTE
Package suggested but not available for checking: ‘arrow’
Flavor: r-oldrel-macos-x86_64
Version: 0.0.18
Check: Rd cross-references
Result: NOTE
Package unavailable to check Rd xrefs: ‘arrow’
Flavor: r-oldrel-macos-x86_64