CRAN Package Check Results for Package arctools

Last updated on 2025-05-10 12:49:36 CEST.

Flavor Version Tinstall Tcheck Ttotal Status Flags
r-devel-linux-x86_64-debian-clang 1.1.6 3.01 66.97 69.98 NOTE
r-devel-linux-x86_64-debian-gcc 1.1.6 2.60 47.72 50.32 NOTE
r-devel-linux-x86_64-fedora-clang 1.1.6 109.90 OK
r-devel-linux-x86_64-fedora-gcc 1.1.6 122.82 OK
r-devel-windows-x86_64 1.1.6 4.00 86.00 90.00 OK
r-patched-linux-x86_64 1.1.6 3.00 63.11 66.11 OK
r-release-linux-x86_64 1.1.6 3.28 62.53 65.81 OK
r-release-macos-arm64 1.1.6 48.00 OK
r-release-macos-x86_64 1.1.6 76.00 OK
r-release-windows-x86_64 1.1.6 5.00 85.00 90.00 OK
r-oldrel-macos-arm64 1.1.6 41.00 OK
r-oldrel-macos-x86_64 1.1.6 67.00 OK
r-oldrel-windows-x86_64 1.1.6 5.00 102.00 107.00 OK

Check Details

Version: 1.1.6
Check: CRAN incoming feasibility
Result: NOTE Maintainer: ‘Marta Karas <marta.karass@gmail.com>’ Package CITATION file contains call(s) to old-style citEntry(). Please use bibentry() instead. Flavors: r-devel-linux-x86_64-debian-clang, r-devel-linux-x86_64-debian-gcc