Last updated on 2025-05-10 01:51:15 CEST.
Flavor | Version | Tinstall | Tcheck | Ttotal | Status | Flags |
---|---|---|---|---|---|---|
r-devel-linux-x86_64-debian-clang | 0.3.3 | 106.09 | 34.24 | 140.33 | OK | |
r-devel-linux-x86_64-debian-gcc | 0.3.3 | 88.12 | 25.92 | 114.04 | OK | |
r-devel-linux-x86_64-fedora-clang | 0.3.3 | 256.04 | OK | |||
r-devel-linux-x86_64-fedora-gcc | 0.3.3 | 228.56 | OK | |||
r-devel-windows-x86_64 | 0.3.3 | 123.00 | 64.00 | 187.00 | OK | |
r-patched-linux-x86_64 | 0.3.3 | 111.36 | 31.02 | 142.38 | OK | |
r-release-linux-x86_64 | 0.3.3 | 112.79 | 31.62 | 144.41 | OK | |
r-release-macos-arm64 | 0.3.3 | 65.00 | OK | |||
r-release-macos-x86_64 | 0.3.3 | 145.00 | OK | |||
r-release-windows-x86_64 | 0.3.3 | 120.00 | 68.00 | 188.00 | OK | |
r-oldrel-macos-arm64 | 0.3.3 | 66.00 | NOTE | |||
r-oldrel-macos-x86_64 | 0.3.3 | 147.00 | NOTE | |||
r-oldrel-windows-x86_64 | 0.3.3 | 154.00 | 73.00 | 227.00 | NOTE |
Version: 0.3.3
Check: package dependencies
Result: NOTE
Package suggested but not available for checking: ‘arcgisbinding’
Flavors: r-oldrel-macos-arm64, r-oldrel-macos-x86_64, r-oldrel-windows-x86_64