Last updated on 2025-07-04 16:50:10 CEST.
Flavor | Version | Tinstall | Tcheck | Ttotal | Status | Flags |
---|---|---|---|---|---|---|
r-devel-linux-x86_64-debian-clang | 2.2 | 25.74 | 439.68 | 465.42 | ERROR | |
r-devel-linux-x86_64-debian-gcc | 2.2 | 14.73 | 263.27 | 278.00 | OK | |
r-devel-linux-x86_64-fedora-clang | 2.2 | 637.18 | OK | |||
r-devel-linux-x86_64-fedora-gcc | 2.2 | 584.88 | OK | |||
r-devel-windows-x86_64 | 2.2 | 27.00 | 358.00 | 385.00 | OK | |
r-patched-linux-x86_64 | 2.2 | 30.31 | 345.28 | 375.59 | OK | |
r-release-linux-x86_64 | 2.2 | 24.56 | 347.47 | 372.03 | OK | |
r-release-macos-arm64 | 2.2 | 205.00 | OK | |||
r-release-macos-x86_64 | 2.2 | 369.00 | OK | |||
r-release-windows-x86_64 | 2.2 | 27.00 | 364.00 | 391.00 | OK | |
r-oldrel-macos-arm64 | 2.2 | 159.00 | NOTE | |||
r-oldrel-macos-x86_64 | 2.2 | 338.00 | NOTE | |||
r-oldrel-windows-x86_64 | 2.2 | 37.00 | 476.00 | 513.00 | NOTE |
Version: 2.2
Check: re-building of vignette outputs
Result: ERROR
Error(s) in re-building vignettes:
...
--- re-building ‘Introduction-to-SoilProfileCollection-Objects.Rmd’ using rmarkdown
** Processing: /home/hornik/tmp/R.check/r-devel-clang/Work/PKGS/aqp.Rcheck/vign_test/aqp/vignettes/Introduction-to-SoilProfileCollection-Objects_files/figure-html/unnamed-chunk-1-1.png
192x96 pixels, 8 bits/pixel, 205 colors in palette
Reducing image to 8 bits/pixel, grayscale
Input IDAT size = 1877 bytes
Input file size = 2582 bytes
Trying:
zc = 9 zm = 8 zs = 0 f = 0 IDAT size = 1782
zc = 9 zm = 8 zs = 1 f = 0 IDAT size = 1778
zc = 1 zm = 8 zs = 2 f = 0
zc = 9 zm = 8 zs = 3 f = 0
zc = 9 zm = 8 zs = 0 f = 5
zc = 9 zm = 8 zs = 1 f = 5
zc = 1 zm = 8 zs = 2 f = 5
zc = 9 zm = 8 zs = 3 f = 5
Selecting parameters:
zc = 9 zm = 8 zs = 1 f = 0 IDAT size = 1778
Output IDAT size = 1778 bytes (99 bytes decrease)
Output file size = 1856 bytes (726 bytes = 28.12% decrease)
** Processing: /home/hornik/tmp/R.check/r-devel-clang/Work/PKGS/aqp.Rcheck/vign_test/aqp/vignettes/Introduction-to-SoilProfileCollection-Objects_files/figure-html/unnamed-chunk-13-1.png
256x128 pixels, 8 bits/pixel, 251 colors in palette
Input IDAT size = 1953 bytes
Input file size = 2796 bytes
Trying:
zc = 9 zm = 8 zs = 0 f = 0 IDAT size = 1847
zc = 9 zm = 8 zs = 1 f = 0
zc = 1 zm = 8 zs = 2 f = 0
zc = 9 zm = 8 zs = 3 f = 0
zc = 9 zm = 8 zs = 0 f = 5
zc = 9 zm = 8 zs = 1 f = 5
zc = 1 zm = 8 zs = 2 f = 5
zc = 9 zm = 8 zs = 3 f = 5
Selecting parameters:
zc = 9 zm = 8 zs = 0 f = 0 IDAT size = 1847
Output IDAT size = 1847 bytes (106 bytes decrease)
Output file size = 2690 bytes (106 bytes = 3.79% decrease)
** Processing: /home/hornik/tmp/R.check/r-devel-clang/Work/PKGS/aqp.Rcheck/vign_test/aqp/vignettes/Introduction-to-SoilProfileCollection-Objects_files/figure-html/unnamed-chunk-14-1.png
256x128 pixels, 8 bits/pixel, 114 colors in palette
Reducing image to 8 bits/pixel, grayscale
Input IDAT size = 771 bytes
Input file size = 1203 bytes
Trying:
zc = 9 zm = 8 zs = 0 f = 0 IDAT size = 653
zc = 9 zm = 8 zs = 1 f = 0 IDAT size = 653
zc = 1 zm = 8 zs = 2 f = 0
zc = 9 zm = 8 zs = 3 f = 0
zc = 9 zm = 8 zs = 0 f = 5
zc = 9 zm = 8 zs = 1 f = 5
zc = 1 zm = 8 zs = 2 f = 5
zc = 9 zm = 8 zs = 3 f = 5
Selecting parameters:
zc = 9 zm = 8 zs = 1 f = 0 IDAT size = 653
Output IDAT size = 653 bytes (118 bytes decrease)
Output file size = 731 bytes (472 bytes = 39.24% decrease)
** Processing: /home/hornik/tmp/R.check/r-devel-clang/Work/PKGS/aqp.Rcheck/vign_test/aqp/vignettes/Introduction-to-SoilProfileCollection-Objects_files/figure-html/unnamed-chunk-15-1.png
256x128 pixels, 8 bits/pixel, 162 colors in palette
Reducing image to 8 bits/pixel, grayscale
Input IDAT size = 1722 bytes
Input file size = 2298 bytes
Trying:
zc = 9 zm = 8 zs = 0 f = 0 IDAT size = 1501
zc = 9 zm = 8 zs = 1 f = 0 IDAT size = 1501
zc = 1 zm = 8 zs = 2 f = 0
zc = 9 zm = 8 zs = 3 f = 0
zc = 9 zm = 8 zs = 0 f = 5
zc = 9 zm = 8 zs = 1 f = 5
zc = 1 zm = 8 zs = 2 f = 5
zc = 9 zm = 8 zs = 3 f = 5
Selecting parameters:
zc = 9 zm = 8 zs = 1 f = 0 IDAT size = 1501
Output IDAT size = 1501 bytes (221 bytes decrease)
Output file size = 1579 bytes (719 bytes = 31.29% decrease)
** Processing: /home/hornik/tmp/R.check/r-devel-clang/Work/PKGS/aqp.Rcheck/vign_test/aqp/vignettes/Introduction-to-SoilProfileCollection-Objects_files/figure-html/unnamed-chunk-15-2.png
256x128 pixels, 8 bits/pixel, 102 colors in palette
Reducing image to 8 bits/pixel, grayscale
Input IDAT size = 763 bytes
Input file size = 1159 bytes
Trying:
zc = 9 zm = 8 zs = 0 f = 0 IDAT size = 630
zc = 9 zm = 8 zs = 1 f = 0 IDAT size = 630
zc = 1 zm = 8 zs = 2 f = 0
zc = 9 zm = 8 zs = 3 f = 0
zc = 9 zm = 8 zs = 0 f = 5
zc = 9 zm = 8 zs = 1 f = 5
zc = 1 zm = 8 zs = 2 f = 5
zc = 9 zm = 8 zs = 3 f = 5
Selecting parameters:
zc = 9 zm = 8 zs = 1 f = 0 IDAT size = 630
Output IDAT size = 630 bytes (133 bytes decrease)
Output file size = 708 bytes (451 bytes = 38.91% decrease)
** Processing: /home/hornik/tmp/R.check/r-devel-clang/Work/PKGS/aqp.Rcheck/vign_test/aqp/vignettes/Introduction-to-SoilProfileCollection-Objects_files/figure-html/unnamed-chunk-16-1.png
288x160 pixels, 3x8 bits/pixel, RGB
Input IDAT size = 11420 bytes
Input file size = 11510 bytes
Trying:
zc = 9 zm = 8 zs = 0 f = 0 IDAT size = 8334
zc = 9 zm = 8 zs = 1 f = 0
zc = 1 zm = 8 zs = 2 f = 0
zc = 9 zm = 8 zs = 3 f = 0
zc = 9 zm = 8 zs = 0 f = 5
zc = 9 zm = 8 zs = 1 f = 5
zc = 1 zm = 8 zs = 2 f = 5
zc = 9 zm = 8 zs = 3 f = 5
Selecting parameters:
zc = 9 zm = 8 zs = 0 f = 0 IDAT size = 8334
Output IDAT size = 8334 bytes (3086 bytes decrease)
Output file size = 8412 bytes (3098 bytes = 26.92% decrease)
** Processing: /home/hornik/tmp/R.check/r-devel-clang/Work/PKGS/aqp.Rcheck/vign_test/aqp/vignettes/Introduction-to-SoilProfileCollection-Objects_files/figure-html/unnamed-chunk-17-1.png
288x160 pixels, 3x8 bits/pixel, RGB
Input IDAT size = 11375 bytes
Input file size = 11465 bytes
Trying:
zc = 9 zm = 8 zs = 0 f = 0 IDAT size = 8240
zc = 9 zm = 8 zs = 1 f = 0
zc = 1 zm = 8 zs = 2 f = 0
zc = 9 zm = 8 zs = 3 f = 0
zc = 9 zm = 8 zs = 0 f = 5
zc = 9 zm = 8 zs = 1 f = 5
zc = 1 zm = 8 zs = 2 f = 5
zc = 9 zm = 8 zs = 3 f = 5
Selecting parameters:
zc = 9 zm = 8 zs = 0 f = 0 IDAT size = 8240
Output IDAT size = 8240 bytes (3135 bytes decrease)
Output file size = 8318 bytes (3147 bytes = 27.45% decrease)
** Processing: /home/hornik/tmp/R.check/r-devel-clang/Work/PKGS/aqp.Rcheck/vign_test/aqp/vignettes/Introduction-to-SoilProfileCollection-Objects_files/figure-html/unnamed-chunk-18-1.png
288x160 pixels, 3x8 bits/pixel, RGB
Input IDAT size = 11230 bytes
Input file size = 11320 bytes
Trying:
zc = 9 zm = 8 zs = 0 f = 0 IDAT size = 8191
zc = 9 zm = 8 zs = 1 f = 0
zc = 1 zm = 8 zs = 2 f = 0
zc = 9 zm = 8 zs = 3 f = 0
zc = 9 zm = 8 zs = 0 f = 5
zc = 9 zm = 8 zs = 1 f = 5
zc = 1 zm = 8 zs = 2 f = 5
zc = 9 zm = 8 zs = 3 f = 5
Selecting parameters:
zc = 9 zm = 8 zs = 0 f = 0 IDAT size = 8191
Output IDAT size = 8191 bytes (3039 bytes decrease)
Output file size = 8269 bytes (3051 bytes = 26.95% decrease)
** Processing: /home/hornik/tmp/R.check/r-devel-clang/Work/PKGS/aqp.Rcheck/vign_test/aqp/vignettes/Introduction-to-SoilProfileCollection-Objects_files/figure-html/unnamed-chunk-19-1.png
288x160 pixels, 3x8 bits/pixel, RGB
Input IDAT size = 10026 bytes
Input file size = 10116 bytes
Trying:
zc = 9 zm = 8 zs = 0 f = 0 IDAT size = 7390
zc = 9 zm = 8 zs = 1 f = 0
zc = 1 zm = 8 zs = 2 f = 0
zc = 9 zm = 8 zs = 3 f = 0
zc = 9 zm = 8 zs = 0 f = 5
zc = 9 zm = 8 zs = 1 f = 5
zc = 1 zm = 8 zs = 2 f = 5
zc = 9 zm = 8 zs = 3 f = 5
Selecting parameters:
zc = 9 zm = 8 zs = 0 f = 0 IDAT size = 7390
Output IDAT size = 7390 bytes (2636 bytes decrease)
Output file size = 7468 bytes (2648 bytes = 26.18% decrease)
** Processing: /home/hornik/tmp/R.check/r-devel-clang/Work/PKGS/aqp.Rcheck/vign_test/aqp/vignettes/Introduction-to-SoilProfileCollection-Objects_files/figure-html/unnamed-chunk-20-1.png
288x160 pixels, 3x8 bits/pixel, RGB
Input IDAT size = 11343 bytes
Input file size = 11433 bytes
Trying:
zc = 9 zm = 8 zs = 0 f = 0 IDAT size = 8195
zc = 9 zm = 8 zs = 1 f = 0
zc = 1 zm = 8 zs = 2 f = 0
zc = 9 zm = 8 zs = 3 f = 0
zc = 9 zm = 8 zs = 0 f = 5
zc = 9 zm = 8 zs = 1 f = 5
zc = 1 zm = 8 zs = 2 f = 5
zc = 9 zm = 8 zs = 3 f = 5
Selecting parameters:
zc = 9 zm = 8 zs = 0 f = 0 IDAT size = 8195
Output IDAT size = 8195 bytes (3148 bytes decrease)
Output file size = 8273 bytes (3160 bytes = 27.64% decrease)
** Processing: /home/hornik/tmp/R.check/r-devel-clang/Work/PKGS/aqp.Rcheck/vign_test/aqp/vignettes/Introduction-to-SoilProfileCollection-Objects_files/figure-html/unnamed-chunk-21-1.png
288x160 pixels, 3x8 bits/pixel, RGB
Input IDAT size = 11553 bytes
Input file size = 11643 bytes
Trying:
zc = 9 zm = 8 zs = 0 f = 0 IDAT size = 8399
zc = 9 zm = 8 zs = 1 f = 0
zc = 1 zm = 8 zs = 2 f = 0
zc = 9 zm = 8 zs = 3 f = 0
zc = 9 zm = 8 zs = 0 f = 5
zc = 9 zm = 8 zs = 1 f = 5
zc = 1 zm = 8 zs = 2 f = 5
zc = 9 zm = 8 zs = 3 f = 5
Selecting parameters:
zc = 9 zm = 8 zs = 0 f = 0 IDAT size = 8399
Output IDAT size = 8399 bytes (3154 bytes decrease)
Output file size = 8477 bytes (3166 bytes = 27.19% decrease)
** Processing: /home/hornik/tmp/R.check/r-devel-clang/Work/PKGS/aqp.Rcheck/vign_test/aqp/vignettes/Introduction-to-SoilProfileCollection-Objects_files/figure-html/unnamed-chunk-22-1.png
288x160 pixels, 3x8 bits/pixel, RGB
Input IDAT size = 11093 bytes
Input file size = 11183 bytes
Trying:
zc = 9 zm = 8 zs = 0 f = 0 IDAT size = 8077
zc = 9 zm = 8 zs = 1 f = 0
zc = 1 zm = 8 zs = 2 f = 0
zc = 9 zm = 8 zs = 3 f = 0
zc = 9 zm = 8 zs = 0 f = 5
zc = 9 zm = 8 zs = 1 f = 5
zc = 1 zm = 8 zs = 2 f = 5
zc = 9 zm = 8 zs = 3 f = 5
Selecting parameters:
zc = 9 zm = 8 zs = 0 f = 0 IDAT size = 8077
Output IDAT size = 8077 bytes (3016 bytes decrease)
Output file size = 8155 bytes (3028 bytes = 27.08% decrease)
** Processing: /home/hornik/tmp/R.check/r-devel-clang/Work/PKGS/aqp.Rcheck/vign_test/aqp/vignettes/Introduction-to-SoilProfileCollection-Objects_files/figure-html/unnamed-chunk-24-1.png
160x192 pixels, 8 bits/pixel, 215 colors in palette
Input IDAT size = 1100 bytes
Input file size = 1835 bytes
Trying:
zc = 9 zm = 8 zs = 0 f = 0 IDAT size = 1046
zc = 9 zm = 8 zs = 1 f = 0
zc = 1 zm = 8 zs = 2 f = 0
zc = 9 zm = 8 zs = 3 f = 0
zc = 9 zm = 8 zs = 0 f = 5
zc = 9 zm = 8 zs = 1 f = 5
zc = 1 zm = 8 zs = 2 f = 5
zc = 9 zm = 8 zs = 3 f = 5
Selecting parameters:
zc = 9 zm = 8 zs = 0 f = 0 IDAT size = 1046
Output IDAT size = 1046 bytes (54 bytes decrease)
Output file size = 1781 bytes (54 bytes = 2.94% decrease)
** Processing: /home/hornik/tmp/R.check/r-devel-clang/Work/PKGS/aqp.Rcheck/vign_test/aqp/vignettes/Introduction-to-SoilProfileCollection-Objects_files/figure-html/unnamed-chunk-25-1.png
224x192 pixels, 3x8 bits/pixel, RGB
Input IDAT size = 4718 bytes
Input file size = 4796 bytes
Trying:
zc = 9 zm = 8 zs = 0 f = 0 IDAT size = 3653
zc = 9 zm = 8 zs = 1 f = 0
zc = 1 zm = 8 zs = 2 f = 0
zc = 9 zm = 8 zs = 3 f = 0
zc = 9 zm = 8 zs = 0 f = 5
zc = 9 zm = 8 zs = 1 f = 5
zc = 1 zm = 8 zs = 2 f = 5
zc = 9 zm = 8 zs = 3 f = 5
Selecting parameters:
zc = 9 zm = 8 zs = 0 f = 0 IDAT size = 3653
Output IDAT size = 3653 bytes (1065 bytes decrease)
Output file size = 3731 bytes (1065 bytes = 22.21% decrease)
** Processing: /home/hornik/tmp/R.check/r-devel-clang/Work/PKGS/aqp.Rcheck/vign_test/aqp/vignettes/Introduction-to-SoilProfileCollection-Objects_files/figure-html/unnamed-chunk-26-1.png
256x192 pixels, 3x8 bits/pixel, RGB
Input IDAT size = 5833 bytes
Input file size = 5911 bytes
Trying:
zc = 9 zm = 8 zs = 0 f = 0 IDAT size = 4615
zc = 9 zm = 8 zs = 1 f = 0
zc = 1 zm = 8 zs = 2 f = 0
zc = 9 zm = 8 zs = 3 f = 0
zc = 9 zm = 8 zs = 0 f = 5
zc = 9 zm = 8 zs = 1 f = 5
zc = 1 zm = 8 zs = 2 f = 5
zc = 9 zm = 8 zs = 3 f = 5
Selecting parameters:
zc = 9 zm = 8 zs = 0 f = 0 IDAT size = 4615
Output IDAT size = 4615 bytes (1218 bytes decrease)
Output file size = 4693 bytes (1218 bytes = 20.61% decrease)
** Processing: /home/hornik/tmp/R.check/r-devel-clang/Work/PKGS/aqp.Rcheck/vign_test/aqp/vignettes/Introduction-to-SoilProfileCollection-Objects_files/figure-html/unnamed-chunk-27-1.png
256x192 pixels, 3x8 bits/pixel, RGB
Input IDAT size = 7218 bytes
Input file size = 7296 bytes
Trying:
zc = 9 zm = 8 zs = 0 f = 0 IDAT size = 5568
zc = 9 zm = 8 zs = 1 f = 0
zc = 1 zm = 8 zs = 2 f = 0
zc = 9 zm = 8 zs = 3 f = 0
zc = 9 zm = 8 zs = 0 f = 5
zc = 9 zm = 8 zs = 1 f = 5
zc = 1 zm = 8 zs = 2 f = 5
zc = 9 zm = 8 zs = 3 f = 5
Selecting parameters:
zc = 9 zm = 8 zs = 0 f = 0 IDAT size = 5568
Output IDAT size = 5568 bytes (1650 bytes decrease)
Output file size = 5646 bytes (1650 bytes = 22.62% decrease)
** Processing: /home/hornik/tmp/R.check/r-devel-clang/Work/PKGS/aqp.Rcheck/vign_test/aqp/vignettes/Introduction-to-SoilProfileCollection-Objects_files/figure-html/unnamed-chunk-28-1.png
288x160 pixels, 3x8 bits/pixel, RGB
Input IDAT size = 11673 bytes
Input file size = 11763 bytes
Trying:
zc = 9 zm = 8 zs = 0 f = 0 IDAT size = 8554
zc = 9 zm = 8 zs = 1 f = 0
zc = 1 zm = 8 zs = 2 f = 0
zc = 9 zm = 8 zs = 3 f = 0
zc = 9 zm = 8 zs = 0 f = 5
zc = 9 zm = 8 zs = 1 f = 5
zc = 1 zm = 8 zs = 2 f = 5
zc = 9 zm = 8 zs = 3 f = 5
Selecting parameters:
zc = 9 zm = 8 zs = 0 f = 0 IDAT size = 8554
Output IDAT size = 8554 bytes (3119 bytes decrease)
Output file size = 8632 bytes (3131 bytes = 26.62% decrease)
** Processing: /home/hornik/tmp/R.check/r-devel-clang/Work/PKGS/aqp.Rcheck/vign_test/aqp/vignettes/Introduction-to-SoilProfileCollection-Objects_files/figure-html/unnamed-chunk-29-1.png
288x160 pixels, 3x8 bits/pixel, RGB
Input IDAT size = 11418 bytes
Input file size = 11508 bytes
Trying:
zc = 9 zm = 8 zs = 0 f = 0 IDAT size = 8326
zc = 9 zm = 8 zs = 1 f = 0
zc = 1 zm = 8 zs = 2 f = 0
zc = 9 zm = 8 zs = 3 f = 0
zc = 9 zm = 8 zs = 0 f = 5
zc = 9 zm = 8 zs = 1 f = 5
zc = 1 zm = 8 zs = 2 f = 5
zc = 9 zm = 8 zs = 3 f = 5
Selecting parameters:
zc = 9 zm = 8 zs = 0 f = 0 IDAT size = 8326
Output IDAT size = 8326 bytes (3092 bytes decrease)
Output file size = 8404 bytes (3104 bytes = 26.97% decrease)
** Processing: /home/hornik/tmp/R.check/r-devel-clang/Work/PKGS/aqp.Rcheck/vign_test/aqp/vignettes/Introduction-to-SoilProfileCollection-Objects_files/figure-html/unnamed-chunk-30-1.png
288x160 pixels, 3x8 bits/pixel, RGB
Input IDAT size = 11835 bytes
Input file size = 11925 bytes
Trying:
zc = 9 zm = 8 zs = 0 f = 0 IDAT size = 8598
zc = 9 zm = 8 zs = 1 f = 0
zc = 1 zm = 8 zs = 2 f = 0
zc = 9 zm = 8 zs = 3 f = 0
zc = 9 zm = 8 zs = 0 f = 5
zc = 9 zm = 8 zs = 1 f = 5
zc = 1 zm = 8 zs = 2 f = 5
zc = 9 zm = 8 zs = 3 f = 5
Selecting parameters:
zc = 9 zm = 8 zs = 0 f = 0 IDAT size = 8598
Output IDAT size = 8598 bytes (3237 bytes decrease)
Output file size = 8676 bytes (3249 bytes = 27.25% decrease)
** Processing: /home/hornik/tmp/R.check/r-devel-clang/Work/PKGS/aqp.Rcheck/vign_test/aqp/vignettes/Introduction-to-SoilProfileCollection-Objects_files/figure-html/unnamed-chunk-31-1.png
288x160 pixels, 3x8 bits/pixel, RGB
Input IDAT size = 11634 bytes
Input file size = 11724 bytes
Trying:
zc = 9 zm = 8 zs = 0 f = 0 IDAT size = 8454
zc = 9 zm = 8 zs = 1 f = 0
zc = 1 zm = 8 zs = 2 f = 0
zc = 9 zm = 8 zs = 3 f = 0
zc = 9 zm = 8 zs = 0 f = 5
zc = 9 zm = 8 zs = 1 f = 5
zc = 1 zm = 8 zs = 2 f = 5
zc = 9 zm = 8 zs = 3 f = 5
Selecting parameters:
zc = 9 zm = 8 zs = 0 f = 0 IDAT size = 8454
Output IDAT size = 8454 bytes (3180 bytes decrease)
Output file size = 8532 bytes (3192 bytes = 27.23% decrease)
** Processing: /home/hornik/tmp/R.check/r-devel-clang/Work/PKGS/aqp.Rcheck/vign_test/aqp/vignettes/Introduction-to-SoilProfileCollection-Objects_files/figure-html/unnamed-chunk-32-1.png
256x128 pixels, 3x8 bits/pixel, RGB
Input IDAT size = 6272 bytes
Input file size = 6350 bytes
Trying:
zc = 9 zm = 8 zs = 0 f = 0 IDAT size = 4767
zc = 9 zm = 8 zs = 1 f = 0
zc = 1 zm = 8 zs = 2 f = 0
zc = 9 zm = 8 zs = 3 f = 0
zc = 9 zm = 8 zs = 0 f = 5
zc = 9 zm = 8 zs = 1 f = 5
zc = 1 zm = 8 zs = 2 f = 5
zc = 9 zm = 8 zs = 3 f = 5
Selecting parameters:
zc = 9 zm = 8 zs = 0 f = 0 IDAT size = 4767
Output IDAT size = 4767 bytes (1505 bytes decrease)
Output file size = 4845 bytes (1505 bytes = 23.70% decrease)
** Processing: /home/hornik/tmp/R.check/r-devel-clang/Work/PKGS/aqp.Rcheck/vign_test/aqp/vignettes/Introduction-to-SoilProfileCollection-Objects_files/figure-html/unnamed-chunk-33-1.png
256x128 pixels, 3x8 bits/pixel, RGB
Input IDAT size = 6272 bytes
Input file size = 6350 bytes
Trying:
zc = 9 zm = 8 zs = 0 f = 0 IDAT size = 4767
zc = 9 zm = 8 zs = 1 f = 0
zc = 1 zm = 8 zs = 2 f = 0
zc = 9 zm = 8 zs = 3 f = 0
zc = 9 zm = 8 zs = 0 f = 5
zc = 9 zm = 8 zs = 1 f = 5
zc = 1 zm = 8 zs = 2 f = 5
zc = 9 zm = 8 zs = 3 f = 5
Selecting parameters:
zc = 9 zm = 8 zs = 0 f = 0 IDAT size = 4767
Output IDAT size = 4767 bytes (1505 bytes decrease)
Output file size = 4845 bytes (1505 bytes = 23.70% decrease)
** Processing: /home/hornik/tmp/R.check/r-devel-clang/Work/PKGS/aqp.Rcheck/vign_test/aqp/vignettes/Introduction-to-SoilProfileCollection-Objects_files/figure-html/unnamed-chunk-34-1.png
256x128 pixels, 3x8 bits/pixel, RGB
Input IDAT size = 6554 bytes
Input file size = 6632 bytes
Trying:
zc = 9 zm = 8 zs = 0 f = 0 IDAT size = 4972
zc = 9 zm = 8 zs = 1 f = 0
zc = 1 zm = 8 zs = 2 f = 0
zc = 9 zm = 8 zs = 3 f = 0
zc = 9 zm = 8 zs = 0 f = 5
zc = 9 zm = 8 zs = 1 f = 5
zc = 1 zm = 8 zs = 2 f = 5
zc = 9 zm = 8 zs = 3 f = 5
Selecting parameters:
zc = 9 zm = 8 zs = 0 f = 0 IDAT size = 4972
Output IDAT size = 4972 bytes (1582 bytes decrease)
Output file size = 5050 bytes (1582 bytes = 23.85% decrease)
** Processing: /home/hornik/tmp/R.check/r-devel-clang/Work/PKGS/aqp.Rcheck/vign_test/aqp/vignettes/Introduction-to-SoilProfileCollection-Objects_files/figure-html/unnamed-chunk-35-1.png
256x128 pixels, 3x8 bits/pixel, RGB
Input IDAT size = 5921 bytes
Input file size = 5999 bytes
Trying:
zc = 9 zm = 8 zs = 0 f = 0 IDAT size = 4434
zc = 9 zm = 8 zs = 1 f = 0
zc = 1 zm = 8 zs = 2 f = 0
zc = 9 zm = 8 zs = 3 f = 0
zc = 9 zm = 8 zs = 0 f = 5
zc = 9 zm = 8 zs = 1 f = 5
zc = 1 zm = 8 zs = 2 f = 5
zc = 9 zm = 8 zs = 3 f = 5
Selecting parameters:
zc = 9 zm = 8 zs = 0 f = 0 IDAT size = 4434
Output IDAT size = 4434 bytes (1487 bytes decrease)
Output file size = 4512 bytes (1487 bytes = 24.79% decrease)
** Processing: /home/hornik/tmp/R.check/r-devel-clang/Work/PKGS/aqp.Rcheck/vign_test/aqp/vignettes/Introduction-to-SoilProfileCollection-Objects_files/figure-html/plotting-vol-fraction-1.png
256x128 pixels, 3x8 bits/pixel, RGB
Input IDAT size = 20884 bytes
Input file size = 20986 bytes
Trying:
zc = 9 zm = 8 zs = 0 f = 0 IDAT size = 18729
zc = 9 zm = 8 zs = 1 f = 0
zc = 1 zm = 8 zs = 2 f = 0
zc = 9 zm = 8 zs = 3 f = 0
zc = 9 zm = 8 zs = 0 f = 5
zc = 9 zm = 8 zs = 1 f = 5
zc = 1 zm = 8 zs = 2 f = 5
zc = 9 zm = 8 zs = 3 f = 5
Selecting parameters:
zc = 9 zm = 8 zs = 0 f = 0 IDAT size = 18729
Output IDAT size = 18729 bytes (2155 bytes decrease)
Output file size = 18807 bytes (2179 bytes = 10.38% decrease)
** Processing: /home/hornik/tmp/R.check/r-devel-clang/Work/PKGS/aqp.Rcheck/vign_test/aqp/vignettes/Introduction-to-SoilProfileCollection-Objects_files/figure-html/unnamed-chunk-36-1.png
256x128 pixels, 8 bits/pixel, 213 colors in palette
Input IDAT size = 2168 bytes
Input file size = 2897 bytes
Trying:
zc = 9 zm = 8 zs = 0 f = 0 IDAT size = 1974
zc = 9 zm = 8 zs = 1 f = 0
zc = 1 zm = 8 zs = 2 f = 0
zc = 9 zm = 8 zs = 3 f = 0
zc = 9 zm = 8 zs = 0 f = 5
zc = 9 zm = 8 zs = 1 f = 5
zc = 1 zm = 8 zs = 2 f = 5
zc = 9 zm = 8 zs = 3 f = 5
Selecting parameters:
zc = 9 zm = 8 zs = 0 f = 0 IDAT size = 1974
Output IDAT size = 1974 bytes (194 bytes decrease)
Output file size = 2703 bytes (194 bytes = 6.70% decrease)
** Processing: /home/hornik/tmp/R.check/r-devel-clang/Work/PKGS/aqp.Rcheck/vign_test/aqp/vignettes/Introduction-to-SoilProfileCollection-Objects_files/figure-html/unnamed-chunk-37-1.png
256x128 pixels, 8 bits/pixel, 220 colors in palette
Input IDAT size = 2819 bytes
Input file size = 3569 bytes
Trying:
zc = 9 zm = 8 zs = 0 f = 0 IDAT size = 2625
zc = 9 zm = 8 zs = 1 f = 0
zc = 1 zm = 8 zs = 2 f = 0
zc = 9 zm = 8 zs = 3 f = 0
zc = 9 zm = 8 zs = 0 f = 5
zc = 9 zm = 8 zs = 1 f = 5
zc = 1 zm = 8 zs = 2 f = 5
zc = 9 zm = 8 zs = 3 f = 5
Selecting parameters:
zc = 9 zm = 8 zs = 0 f = 0 IDAT size = 2625
Output IDAT size = 2625 bytes (194 bytes decrease)
Output file size = 3375 bytes (194 bytes = 5.44% decrease)
** Processing: /home/hornik/tmp/R.check/r-devel-clang/Work/PKGS/aqp.Rcheck/vign_test/aqp/vignettes/Introduction-to-SoilProfileCollection-Objects_files/figure-html/unnamed-chunk-38-1.png
256x128 pixels, 8 bits/pixel, 248 colors in palette
Input IDAT size = 3145 bytes
Input file size = 3979 bytes
Trying:
zc = 9 zm = 8 zs = 0 f = 0 IDAT size = 2868
zc = 9 zm = 8 zs = 1 f = 0
zc = 1 zm = 8 zs = 2 f = 0
zc = 9 zm = 8 zs = 3 f = 0
zc = 9 zm = 8 zs = 0 f = 5
zc = 9 zm = 8 zs = 1 f = 5
zc = 1 zm = 8 zs = 2 f = 5
zc = 9 zm = 8 zs = 3 f = 5
Selecting parameters:
zc = 9 zm = 8 zs = 0 f = 0 IDAT size = 2868
Output IDAT size = 2868 bytes (277 bytes decrease)
Output file size = 3702 bytes (277 bytes = 6.96% decrease)
** Processing: /home/hornik/tmp/R.check/r-devel-clang/Work/PKGS/aqp.Rcheck/vign_test/aqp/vignettes/Introduction-to-SoilProfileCollection-Objects_files/figure-html/unnamed-chunk-39-1.png
256x128 pixels, 8 bits/pixel, 211 colors in palette
Input IDAT size = 2617 bytes
Input file size = 3340 bytes
Trying:
zc = 9 zm = 8 zs = 0 f = 0 IDAT size = 2334
zc = 9 zm = 8 zs = 1 f = 0
zc = 1 zm = 8 zs = 2 f = 0
zc = 9 zm = 8 zs = 3 f = 0
zc = 9 zm = 8 zs = 0 f = 5
zc = 9 zm = 8 zs = 1 f = 5
zc = 1 zm = 8 zs = 2 f = 5
zc = 9 zm = 8 zs = 3 f = 5
Selecting parameters:
zc = 9 zm = 8 zs = 0 f = 0 IDAT size = 2334
Output IDAT size = 2334 bytes (283 bytes decrease)
Output file size = 3057 bytes (283 bytes = 8.47% decrease)
** Processing: /home/hornik/tmp/R.check/r-devel-clang/Work/PKGS/aqp.Rcheck/vign_test/aqp/vignettes/Introduction-to-SoilProfileCollection-Objects_files/figure-html/unnamed-chunk-40-1.png
256x128 pixels, 3x8 bits/pixel, RGB
Input IDAT size = 7312 bytes
Input file size = 7390 bytes
Trying:
zc = 9 zm = 8 zs = 0 f = 0 IDAT size = 5148
zc = 9 zm = 8 zs = 1 f = 0
zc = 1 zm = 8 zs = 2 f = 0
zc = 9 zm = 8 zs = 3 f = 0
zc = 9 zm = 8 zs = 0 f = 5
zc = 9 zm = 8 zs = 1 f = 5
zc = 1 zm = 8 zs = 2 f = 5
zc = 9 zm = 8 zs = 3 f = 5
Selecting parameters:
zc = 9 zm = 8 zs = 0 f = 0 IDAT size = 5148
Output IDAT size = 5148 bytes (2164 bytes decrease)
Output file size = 5226 bytes (2164 bytes = 29.28% decrease)
** Processing: /home/hornik/tmp/R.check/r-devel-clang/Work/PKGS/aqp.Rcheck/vign_test/aqp/vignettes/Introduction-to-SoilProfileCollection-Objects_files/figure-html/unnamed-chunk-41-1.png
256x128 pixels, 3x8 bits/pixel, RGB
Input IDAT size = 7423 bytes
Input file size = 7501 bytes
Trying:
zc = 9 zm = 8 zs = 0 f = 0 IDAT size = 5155
zc = 9 zm = 8 zs = 1 f = 0
zc = 1 zm = 8 zs = 2 f = 0
zc = 9 zm = 8 zs = 3 f = 0
zc = 9 zm = 8 zs = 0 f = 5
zc = 9 zm = 8 zs = 1 f = 5
zc = 1 zm = 8 zs = 2 f = 5
zc = 9 zm = 8 zs = 3 f = 5
Selecting parameters:
zc = 9 zm = 8 zs = 0 f = 0 IDAT size = 5155
Output IDAT size = 5155 bytes (2268 bytes decrease)
Output file size = 5233 bytes (2268 bytes = 30.24% decrease)
** Processing: /home/hornik/tmp/R.check/r-devel-clang/Work/PKGS/aqp.Rcheck/vign_test/aqp/vignettes/Introduction-to-SoilProfileCollection-Objects_files/figure-html/unnamed-chunk-42-1.png
256x128 pixels, 8 bits/pixel, 222 colors in palette
Input IDAT size = 2517 bytes
Input file size = 3273 bytes
Trying:
zc = 9 zm = 8 zs = 0 f = 0 IDAT size = 2353
zc = 9 zm = 8 zs = 1 f = 0
zc = 1 zm = 8 zs = 2 f = 0
zc = 9 zm = 8 zs = 3 f = 0
zc = 9 zm = 8 zs = 0 f = 5
zc = 9 zm = 8 zs = 1 f = 5
zc = 1 zm = 8 zs = 2 f = 5
zc = 9 zm = 8 zs = 3 f = 5
Selecting parameters:
zc = 9 zm = 8 zs = 0 f = 0 IDAT size = 2353
Output IDAT size = 2353 bytes (164 bytes decrease)
Output file size = 3109 bytes (164 bytes = 5.01% decrease)
** Processing: /home/hornik/tmp/R.check/r-devel-clang/Work/PKGS/aqp.Rcheck/vign_test/aqp/vignettes/Introduction-to-SoilProfileCollection-Objects_files/figure-html/profileApply-4-1.png
256x160 pixels, 3x8 bits/pixel, RGB
Input IDAT size = 7913 bytes
Input file size = 7991 bytes
Trying:
zc = 9 zm = 8 zs = 0 f = 0 IDAT size = 6209
zc = 9 zm = 8 zs = 1 f = 0
zc = 1 zm = 8 zs = 2 f = 0
zc = 9 zm = 8 zs = 3 f = 0
zc = 9 zm = 8 zs = 0 f = 5
zc = 9 zm = 8 zs = 1 f = 5
zc = 1 zm = 8 zs = 2 f = 5
zc = 9 zm = 8 zs = 3 f = 5
Selecting parameters:
zc = 9 zm = 8 zs = 0 f = 0 IDAT size = 6209
Output IDAT size = 6209 bytes (1704 bytes decrease)
Output file size = 6287 bytes (1704 bytes = 21.32% decrease)
** Processing: /home/hornik/tmp/R.check/r-devel-clang/Work/PKGS/aqp.Rcheck/vign_test/aqp/vignettes/Introduction-to-SoilProfileCollection-Objects_files/figure-html/unnamed-chunk-44-1.png
256x128 pixels, 3x8 bits/pixel, RGB
Input IDAT size = 8827 bytes
Input file size = 8917 bytes
Trying:
zc = 9 zm = 8 zs = 0 f = 0 IDAT size = 6582
zc = 9 zm = 8 zs = 1 f = 0
zc = 1 zm = 8 zs = 2 f = 0
zc = 9 zm = 8 zs = 3 f = 0
zc = 9 zm = 8 zs = 0 f = 5
zc = 9 zm = 8 zs = 1 f = 5
zc = 1 zm = 8 zs = 2 f = 5
zc = 9 zm = 8 zs = 3 f = 5
Selecting parameters:
zc = 9 zm = 8 zs = 0 f = 0 IDAT size = 6582
Output IDAT size = 6582 bytes (2245 bytes decrease)
Output file size = 6660 bytes (2257 bytes = 25.31% decrease)
** Processing: /home/hornik/tmp/R.check/r-devel-clang/Work/PKGS/aqp.Rcheck/vign_test/aqp/vignettes/Introduction-to-SoilProfileCollection-Objects_files/figure-html/unnamed-chunk-46-1.png
256x128 pixels, 3x8 bits/pixel, RGB
Input IDAT size = 7190 bytes
Input file size = 7268 bytes
Trying:
zc = 9 zm = 8 zs = 0 f = 0 IDAT size = 5542
zc = 9 zm = 8 zs = 1 f = 0
zc = 1 zm = 8 zs = 2 f = 0
zc = 9 zm = 8 zs = 3 f = 0
zc = 9 zm = 8 zs = 0 f = 5
zc = 9 zm = 8 zs = 1 f = 5
zc = 1 zm = 8 zs = 2 f = 5
zc = 9 zm = 8 zs = 3 f = 5
Selecting parameters:
zc = 9 zm = 8 zs = 0 f = 0 IDAT size = 5542
Output IDAT size = 5542 bytes (1648 bytes decrease)
Output file size = 5620 bytes (1648 bytes = 22.67% decrease)
** Processing: /home/hornik/tmp/R.check/r-devel-clang/Work/PKGS/aqp.Rcheck/vign_test/aqp/vignettes/Introduction-to-SoilProfileCollection-Objects_files/figure-html/unnamed-chunk-47-1.png
256x128 pixels, 3x8 bits/pixel, RGB
Input IDAT size = 7429 bytes
Input file size = 7507 bytes
Trying:
zc = 9 zm = 8 zs = 0 f = 0 IDAT size = 5725
zc = 9 zm = 8 zs = 1 f = 0
zc = 1 zm = 8 zs = 2 f = 0
zc = 9 zm = 8 zs = 3 f = 0
zc = 9 zm = 8 zs = 0 f = 5
zc = 9 zm = 8 zs = 1 f = 5
zc = 1 zm = 8 zs = 2 f = 5
zc = 9 zm = 8 zs = 3 f = 5
Selecting parameters:
zc = 9 zm = 8 zs = 0 f = 0 IDAT size = 5725
Output IDAT size = 5725 bytes (1704 bytes decrease)
Output file size = 5803 bytes (1704 bytes = 22.70% decrease)
** Processing: /home/hornik/tmp/R.check/r-devel-clang/Work/PKGS/aqp.Rcheck/vign_test/aqp/vignettes/Introduction-to-SoilProfileCollection-Objects_files/figure-html/slab-1.png
256x128 pixels, 3x8 bits/pixel, RGB
Input IDAT size = 14976 bytes
Input file size = 15066 bytes
Trying:
zc = 9 zm = 8 zs = 0 f = 0 IDAT size = 10778
zc = 9 zm = 8 zs = 1 f = 0
zc = 1 zm = 8 zs = 2 f = 0
zc = 9 zm = 8 zs = 3 f = 0
zc = 9 zm = 8 zs = 0 f = 5
zc = 9 zm = 8 zs = 1 f = 5
zc = 1 zm = 8 zs = 2 f = 5
zc = 9 zm = 8 zs = 3 f = 5
Selecting parameters:
zc = 9 zm = 8 zs = 0 f = 0 IDAT size = 10778
Output IDAT size = 10778 bytes (4198 bytes decrease)
Output file size = 10856 bytes (4210 bytes = 27.94% decrease)
** Processing: /home/hornik/tmp/R.check/r-devel-clang/Work/PKGS/aqp.Rcheck/vign_test/aqp/vignettes/Introduction-to-SoilProfileCollection-Objects_files/figure-html/slab-2-1.png
256x128 pixels, 3x8 bits/pixel, RGB
Input IDAT size = 16494 bytes
Input file size = 16596 bytes
Trying:
zc = 9 zm = 8 zs = 0 f = 0 IDAT size = 12250
zc = 9 zm = 8 zs = 1 f = 0
zc = 1 zm = 8 zs = 2 f = 0
zc = 9 zm = 8 zs = 3 f = 0
zc = 9 zm = 8 zs = 0 f = 5
zc = 9 zm = 8 zs = 1 f = 5
zc = 1 zm = 8 zs = 2 f = 5
zc = 9 zm = 8 zs = 3 f = 5
Selecting parameters:
zc = 9 zm = 8 zs = 0 f = 0 IDAT size = 12250
Output IDAT size = 12250 bytes (4244 bytes decrease)
Output file size = 12328 bytes (4268 bytes = 25.72% decrease)
** Processing: /home/hornik/tmp/R.check/r-devel-clang/Work/PKGS/aqp.Rcheck/vign_test/aqp/vignettes/Introduction-to-SoilProfileCollection-Objects_files/figure-html/unnamed-chunk-49-1.png
288x224 pixels, 3x8 bits/pixel, RGB
Input IDAT size = 9911 bytes
Input file size = 10001 bytes
Trying:
zc = 9 zm = 8 zs = 0 f = 0 IDAT size = 8025
zc = 9 zm = 8 zs = 1 f = 0
zc = 1 zm = 8 zs = 2 f = 0
zc = 9 zm = 8 zs = 3 f = 0
zc = 9 zm = 8 zs = 0 f = 5
zc = 9 zm = 8 zs = 1 f = 5
zc = 1 zm = 8 zs = 2 f = 5
zc = 9 zm = 8 zs = 3 f = 5
Selecting parameters:
zc = 9 zm = 8 zs = 0 f = 0 IDAT size = 8025
Output IDAT size = 8025 bytes (1886 bytes decrease)
Output file size = 8103 bytes (1898 bytes = 18.98% decrease)
** Processing: /home/hornik/tmp/R.check/r-devel-clang/Work/PKGS/aqp.Rcheck/vign_test/aqp/vignettes/Introduction-to-SoilProfileCollection-Objects_files/figure-html/unnamed-chunk-50-1.png
288x224 pixels, 3x8 bits/pixel, RGB
Input IDAT size = 9808 bytes
Input file size = 9898 bytes
Trying:
zc = 9 zm = 8 zs = 0 f = 0 IDAT size = 7773
zc = 9 zm = 8 zs = 1 f = 0
zc = 1 zm = 8 zs = 2 f = 0
zc = 9 zm = 8 zs = 3 f = 0
zc = 9 zm = 8 zs = 0 f = 5
zc = 9 zm = 8 zs = 1 f = 5
zc = 1 zm = 8 zs = 2 f = 5
zc = 9 zm = 8 zs = 3 f = 5
Selecting parameters:
zc = 9 zm = 8 zs = 0 f = 0 IDAT size = 7773
Output IDAT size = 7773 bytes (2035 bytes decrease)
Output file size = 7851 bytes (2047 bytes = 20.68% decrease)
** Processing: /home/hornik/tmp/R.check/r-devel-clang/Work/PKGS/aqp.Rcheck/vign_test/aqp/vignettes/Introduction-to-SoilProfileCollection-Objects_files/figure-html/unnamed-chunk-51-1.png
320x192 pixels, 3x8 bits/pixel, RGB
Input IDAT size = 8930 bytes
Input file size = 9020 bytes
Trying:
zc = 9 zm = 8 zs = 0 f = 0 IDAT size = 7182
zc = 9 zm = 8 zs = 1 f = 0
zc = 1 zm = 8 zs = 2 f = 0
zc = 9 zm = 8 zs = 3 f = 0
zc = 9 zm = 8 zs = 0 f = 5
zc = 9 zm = 8 zs = 1 f = 5
zc = 1 zm = 8 zs = 2 f = 5
zc = 9 zm = 8 zs = 3 f = 5
Selecting parameters:
zc = 9 zm = 8 zs = 0 f = 0 IDAT size = 7182
Output IDAT size = 7182 bytes (1748 bytes decrease)
Output file size = 7260 bytes (1760 bytes = 19.51% decrease)
--- finished re-building ‘Introduction-to-SoilProfileCollection-Objects.Rmd’
--- re-building ‘Munsell-color-conversion.Rmd’ using rmarkdown
** Processing: /home/hornik/tmp/R.check/r-devel-clang/Work/PKGS/aqp.Rcheck/vign_test/aqp/vignettes/Munsell-color-conversion_files/figure-html/unnamed-chunk-1-1.png
256x128 pixels, 8 bits/pixel, 193 colors in palette
Input IDAT size = 2033 bytes
Input file size = 2702 bytes
Trying:
zc = 9 zm = 8 zs = 0 f = 0 IDAT size = 1632
zc = 9 zm = 8 zs = 1 f = 0
zc = 1 zm = 8 zs = 2 f = 0
zc = 9 zm = 8 zs = 3 f = 0
zc = 9 zm = 8 zs = 0 f = 5
zc = 9 zm = 8 zs = 1 f = 5
zc = 1 zm = 8 zs = 2 f = 5
zc = 9 zm = 8 zs = 3 f = 5
Selecting parameters:
zc = 9 zm = 8 zs = 0 f = 0 IDAT size = 1632
Output IDAT size = 1632 bytes (401 bytes decrease)
Output file size = 2301 bytes (401 bytes = 14.84% decrease)
--- finished re-building ‘Munsell-color-conversion.Rmd’
--- re-building ‘NCSP.Rmd’ using rmarkdown
** Processing: /home/hornik/tmp/R.check/r-devel-clang/Work/PKGS/aqp.Rcheck/vign_test/aqp/vignettes/NCSP_files/figure-html/unnamed-chunk-3-1.png
272x160 pixels, 3x8 bits/pixel, RGB
Input IDAT size = 14532 bytes
Input file size = 14622 bytes
Trying:
zc = 9 zm = 8 zs = 0 f = 0 IDAT size = 11039
zc = 9 zm = 8 zs = 1 f = 0
zc = 1 zm = 8 zs = 2 f = 0
zc = 9 zm = 8 zs = 3 f = 0
zc = 9 zm = 8 zs = 0 f = 5
zc = 9 zm = 8 zs = 1 f = 5
zc = 1 zm = 8 zs = 2 f = 5
zc = 9 zm = 8 zs = 3 f = 5
Selecting parameters:
zc = 9 zm = 8 zs = 0 f = 0 IDAT size = 11039
Output IDAT size = 11039 bytes (3493 bytes decrease)
Output file size = 11117 bytes (3505 bytes = 23.97% decrease)
** Processing: /home/hornik/tmp/R.check/r-devel-clang/Work/PKGS/aqp.Rcheck/vign_test/aqp/vignettes/NCSP_files/figure-html/unnamed-chunk-4-1.png
272x168 pixels, 3x8 bits/pixel, RGB
Input IDAT size = 15706 bytes
Input file size = 15796 bytes
Trying:
zc = 9 zm = 8 zs = 0 f = 0 IDAT size = 12245
zc = 9 zm = 8 zs = 1 f = 0
zc = 1 zm = 8 zs = 2 f = 0
zc = 9 zm = 8 zs = 3 f = 0
zc = 9 zm = 8 zs = 0 f = 5
zc = 9 zm = 8 zs = 1 f = 5
zc = 1 zm = 8 zs = 2 f = 5
zc = 9 zm = 8 zs = 3 f = 5
Selecting parameters:
zc = 9 zm = 8 zs = 0 f = 0 IDAT size = 12245
Output IDAT size = 12245 bytes (3461 bytes decrease)
Output file size = 12323 bytes (3473 bytes = 21.99% decrease)
** Processing: /home/hornik/tmp/R.check/r-devel-clang/Work/PKGS/aqp.Rcheck/vign_test/aqp/vignettes/NCSP_files/figure-html/unnamed-chunk-5-1.png
272x168 pixels, 3x8 bits/pixel, RGB
Input IDAT size = 15458 bytes
Input file size = 15548 bytes
Trying:
zc = 9 zm = 8 zs = 0 f = 0 IDAT size = 11339
zc = 9 zm = 8 zs = 1 f = 0
zc = 1 zm = 8 zs = 2 f = 0
zc = 9 zm = 8 zs = 3 f = 0
zc = 9 zm = 8 zs = 0 f = 5
zc = 9 zm = 8 zs = 1 f = 5
zc = 1 zm = 8 zs = 2 f = 5
zc = 9 zm = 8 zs = 3 f = 5
Selecting parameters:
zc = 9 zm = 8 zs = 0 f = 0 IDAT size = 11339
Output IDAT size = 11339 bytes (4119 bytes decrease)
Output file size = 11417 bytes (4131 bytes = 26.57% decrease)
** Processing: /home/hornik/tmp/R.check/r-devel-clang/Work/PKGS/aqp.Rcheck/vign_test/aqp/vignettes/NCSP_files/figure-html/unnamed-chunk-7-1.png
272x192 pixels, 3x8 bits/pixel, RGB
Input IDAT size = 9912 bytes
Input file size = 10002 bytes
Trying:
zc = 9 zm = 8 zs = 0 f = 0 IDAT size = 7125
zc = 9 zm = 8 zs = 1 f = 0
zc = 1 zm = 8 zs = 2 f = 0
zc = 9 zm = 8 zs = 3 f = 0
zc = 9 zm = 8 zs = 0 f = 5
zc = 9 zm = 8 zs = 1 f = 5
zc = 1 zm = 8 zs = 2 f = 5
zc = 9 zm = 8 zs = 3 f = 5
Selecting parameters:
zc = 9 zm = 8 zs = 0 f = 0 IDAT size = 7125
Output IDAT size = 7125 bytes (2787 bytes decrease)
Output file size = 7203 bytes (2799 bytes = 27.98% decrease)
--- finished re-building ‘NCSP.Rmd’
--- re-building ‘aqp-overview.Rmd’ using rmarkdown
--- finished re-building ‘aqp-overview.Rmd’
--- re-building ‘label-placement.Rmd’ using rmarkdown
** Processing: /home/hornik/tmp/R.check/r-devel-clang/Work/PKGS/aqp.Rcheck/vign_test/aqp/vignettes/label-placement_files/figure-html/unnamed-chunk-1-1.png
192x160 pixels, 3x8 bits/pixel, RGB
Input IDAT size = 5924 bytes
Input file size = 6002 bytes
Trying:
zc = 9 zm = 8 zs = 0 f = 0 IDAT size = 4447
zc = 9 zm = 8 zs = 1 f = 0
zc = 1 zm = 8 zs = 2 f = 0
zc = 9 zm = 8 zs = 3 f = 0
zc = 9 zm = 8 zs = 0 f = 5
zc = 9 zm = 8 zs = 1 f = 5
zc = 1 zm = 8 zs = 2 f = 5
zc = 9 zm = 8 zs = 3 f = 5
Selecting parameters:
zc = 9 zm = 8 zs = 0 f = 0 IDAT size = 4447
Output IDAT size = 4447 bytes (1477 bytes decrease)
Output file size = 4525 bytes (1477 bytes = 24.61% decrease)
** Processing: /home/hornik/tmp/R.check/r-devel-clang/Work/PKGS/aqp.Rcheck/vign_test/aqp/vignettes/label-placement_files/figure-html/unnamed-chunk-3-1.png
256x160 pixels, 3x8 bits/pixel, RGB
Input IDAT size = 8673 bytes
Input file size = 8763 bytes
Trying:
zc = 9 zm = 8 zs = 0 f = 0 IDAT size = 6690
zc = 9 zm = 8 zs = 1 f = 0
zc = 1 zm = 8 zs = 2 f = 0
zc = 9 zm = 8 zs = 3 f = 0
zc = 9 zm = 8 zs = 0 f = 5
zc = 9 zm = 8 zs = 1 f = 5
zc = 1 zm = 8 zs = 2 f = 5
zc = 9 zm = 8 zs = 3 f = 5
Selecting parameters:
zc = 9 zm = 8 zs = 0 f = 0 IDAT size = 6690
Output IDAT size = 6690 bytes (1983 bytes decrease)
Output file size = 6768 bytes (1995 bytes = 22.77% decrease)
** Processing: /home/hornik/tmp/R.check/r-devel-clang/Work/PKGS/aqp.Rcheck/vign_test/aqp/vignettes/label-placement_files/figure-html/unnamed-chunk-4-1.png
256x160 pixels, 3x8 bits/pixel, RGB
Input IDAT size = 10341 bytes
Input file size = 10431 bytes
Trying:
zc = 9 zm = 8 zs = 0 f = 0 IDAT size = 7754
zc = 9 zm = 8 zs = 1 f = 0
zc = 1 zm = 8 zs = 2 f = 0
zc = 9 zm = 8 zs = 3 f = 0
zc = 9 zm = 8 zs = 0 f = 5
zc = 9 zm = 8 zs = 1 f = 5
zc = 1 zm = 8 zs = 2 f = 5
zc = 9 zm = 8 zs = 3 f = 5
Selecting parameters:
zc = 9 zm = 8 zs = 0 f = 0 IDAT size = 7754
Output IDAT size = 7754 bytes (2587 bytes decrease)
Output file size = 7832 bytes (2599 bytes = 24.92% decrease)
** Processing: /home/hornik/tmp/R.check/r-devel-clang/Work/PKGS/aqp.Rcheck/vign_test/aqp/vignettes/label-placement_files/figure-html/unnamed-chunk-5-1.png
256x160 pixels, 3x8 bits/pixel, RGB
Input IDAT size = 10698 bytes
Input file size = 10788 bytes
Trying:
zc = 9 zm = 8 zs = 0 f = 0 IDAT size = 7994
zc = 9 zm = 8 zs = 1 f = 0
zc = 1 zm = 8 zs = 2 f = 0
zc = 9 zm = 8 zs = 3 f = 0
zc = 9 zm = 8 zs = 0 f = 5
zc = 9 zm = 8 zs = 1 f = 5
zc = 1 zm = 8 zs = 2 f = 5
zc = 9 zm = 8 zs = 3 f = 5
Selecting parameters:
zc = 9 zm = 8 zs = 0 f = 0 IDAT size = 7994
Output IDAT size = 7994 bytes (2704 bytes decrease)
Output file size = 8072 bytes (2716 bytes = 25.18% decrease)
** Processing: /home/hornik/tmp/R.check/r-devel-clang/Work/PKGS/aqp.Rcheck/vign_test/aqp/vignettes/label-placement_files/figure-html/unnamed-chunk-8-1.png
256x160 pixels, 3x8 bits/pixel, RGB
Input IDAT size = 11753 bytes
Input file size = 11843 bytes
Trying:
zc = 9 zm = 8 zs = 0 f = 0 IDAT size = 8272
zc = 9 zm = 8 zs = 1 f = 0
zc = 1 zm = 8 zs = 2 f = 0
zc = 9 zm = 8 zs = 3 f = 0
zc = 9 zm = 8 zs = 0 f = 5
zc = 9 zm = 8 zs = 1 f = 5
zc = 1 zm = 8 zs = 2 f = 5
zc = 9 zm = 8 zs = 3 f = 5
Selecting parameters:
zc = 9 zm = 8 zs = 0 f = 0 IDAT size = 8272
Output IDAT size = 8272 bytes (3481 bytes decrease)
Output file size = 8350 bytes (3493 bytes = 29.49% decrease)
** Processing: /home/hornik/tmp/R.check/r-devel-clang/Work/PKGS/aqp.Rcheck/vign_test/aqp/vignettes/label-placement_files/figure-html/unnamed-chunk-9-1.png
256x160 pixels, 3x8 bits/pixel, RGB
Input IDAT size = 28226 bytes
Input file size = 28340 bytes
Trying:
zc = 9 zm = 8 zs = 0 f = 0 IDAT size = 21298
zc = 9 zm = 8 zs = 1 f = 0
zc = 1 zm = 8 zs = 2 f = 0
zc = 9 zm = 8 zs = 3 f = 0
zc = 9 zm = 8 zs = 0 f = 5
zc = 9 zm = 8 zs = 1 f = 5
zc = 1 zm = 8 zs = 2 f = 5
zc = 9 zm = 8 zs = 3 f = 5
Selecting parameters:
zc = 9 zm = 8 zs = 0 f = 0 IDAT size = 21298
Output IDAT size = 21298 bytes (6928 bytes decrease)
Output file size = 21376 bytes (6964 bytes = 24.57% decrease)
** Processing: /home/hornik/tmp/R.check/r-devel-clang/Work/PKGS/aqp.Rcheck/vign_test/aqp/vignettes/label-placement_files/figure-html/unnamed-chunk-9-2.png
256x160 pixels, 3x8 bits/pixel, RGB
Input IDAT size = 27978 bytes
Input file size = 28092 bytes
Trying:
zc = 9 zm = 8 zs = 0 f = 0 IDAT size = 20963
zc = 9 zm = 8 zs = 1 f = 0
zc = 1 zm = 8 zs = 2 f = 0
zc = 9 zm = 8 zs = 3 f = 0
zc = 9 zm = 8 zs = 0 f = 5
zc = 9 zm = 8 zs = 1 f = 5
zc = 1 zm = 8 zs = 2 f = 5
zc = 9 zm = 8 zs = 3 f = 5
Selecting parameters:
zc = 9 zm = 8 zs = 0 f = 0 IDAT size = 20963
Output IDAT size = 20963 bytes (7015 bytes decrease)
Output file size = 21041 bytes (7051 bytes = 25.10% decrease)
** Processing: /home/hornik/tmp/R.check/r-devel-clang/Work/PKGS/aqp.Rcheck/vign_test/aqp/vignettes/label-placement_files/figure-html/unnamed-chunk-9-3.png
256x160 pixels, 3x8 bits/pixel, RGB
Input IDAT size = 27757 bytes
Input file size = 27871 bytes
Trying:
zc = 9 zm = 8 zs = 0 f = 0 IDAT size = 20731
zc = 9 zm = 8 zs = 1 f = 0
zc = 1 zm = 8 zs = 2 f = 0
zc = 9 zm = 8 zs = 3 f = 0
zc = 9 zm = 8 zs = 0 f = 5
zc = 9 zm = 8 zs = 1 f = 5
zc = 1 zm = 8 zs = 2 f = 5
zc = 9 zm = 8 zs = 3 f = 5
Selecting parameters:
zc = 9 zm = 8 zs = 0 f = 0 IDAT size = 20731
Output IDAT size = 20731 bytes (7026 bytes decrease)
Output file size = 20809 bytes (7062 bytes = 25.34% decrease)
** Processing: /home/hornik/tmp/R.check/r-devel-clang/Work/PKGS/aqp.Rcheck/vign_test/aqp/vignettes/label-placement_files/figure-html/unnamed-chunk-9-4.png
256x160 pixels, 3x8 bits/pixel, RGB
Input IDAT size = 27707 bytes
Input file size = 27821 bytes
Trying:
zc = 9 zm = 8 zs = 0 f = 0 IDAT size = 20657
zc = 9 zm = 8 zs = 1 f = 0
zc = 1 zm = 8 zs = 2 f = 0
zc = 9 zm = 8 zs = 3 f = 0
zc = 9 zm = 8 zs = 0 f = 5
zc = 9 zm = 8 zs = 1 f = 5
zc = 1 zm = 8 zs = 2 f = 5
zc = 9 zm = 8 zs = 3 f = 5
Selecting parameters:
zc = 9 zm = 8 zs = 0 f = 0 IDAT size = 20657
Output IDAT size = 20657 bytes (7050 bytes decrease)
Output file size = 20735 bytes (7086 bytes = 25.47% decrease)
** Processing: /home/hornik/tmp/R.check/r-devel-clang/Work/PKGS/aqp.Rcheck/vign_test/aqp/vignettes/label-placement_files/figure-html/unnamed-chunk-9-5.png
256x160 pixels, 3x8 bits/pixel, RGB
Input IDAT size = 27555 bytes
Input file size = 27669 bytes
Trying:
zc = 9 zm = 8 zs = 0 f = 0 IDAT size = 20631
zc = 9 zm = 8 zs = 1 f = 0
zc = 1 zm = 8 zs = 2 f = 0
zc = 9 zm = 8 zs = 3 f = 0
zc = 9 zm = 8 zs = 0 f = 5
zc = 9 zm = 8 zs = 1 f = 5
zc = 1 zm = 8 zs = 2 f = 5
zc = 9 zm = 8 zs = 3 f = 5
Selecting parameters:
zc = 9 zm = 8 zs = 0 f = 0 IDAT size = 20631
Output IDAT size = 20631 bytes (6924 bytes decrease)
Output file size = 20709 bytes (6960 bytes = 25.15% decrease)
** Processing: /home/hornik/tmp/R.check/r-devel-clang/Work/PKGS/aqp.Rcheck/vign_test/aqp/vignettes/label-placement_files/figure-html/unnamed-chunk-9-6.png
256x160 pixels, 3x8 bits/pixel, RGB
Input IDAT size = 28292 bytes
Input file size = 28406 bytes
Trying:
zc = 9 zm = 8 zs = 0 f = 0 IDAT size = 21396
zc = 9 zm = 8 zs = 1 f = 0
zc = 1 zm = 8 zs = 2 f = 0
zc = 9 zm = 8 zs = 3 f = 0
zc = 9 zm = 8 zs = 0 f = 5
zc = 9 zm = 8 zs = 1 f = 5
zc = 1 zm = 8 zs = 2 f = 5
zc = 9 zm = 8 zs = 3 f = 5
Selecting parameters:
zc = 9 zm = 8 zs = 0 f = 0 IDAT size = 21396
Output IDAT size = 21396 bytes (6896 bytes decrease)
Output file size = 21474 bytes (6932 bytes = 24.40% decrease)
** Processing: /home/hornik/tmp/R.check/r-devel-clang/Work/PKGS/aqp.Rcheck/vign_test/aqp/vignettes/label-placement_files/figure-html/unnamed-chunk-13-1.png
272x160 pixels, 3x8 bits/pixel, RGB
Input IDAT size = 17338 bytes
Input file size = 17440 bytes
Trying:
zc = 9 zm = 8 zs = 0 f = 0 IDAT size = 12196
zc = 9 zm = 8 zs = 1 f = 0
zc = 1 zm = 8 zs = 2 f = 0
zc = 9 zm = 8 zs = 3 f = 0
zc = 9 zm = 8 zs = 0 f = 5
zc = 9 zm = 8 zs = 1 f = 5
zc = 1 zm = 8 zs = 2 f = 5
zc = 9 zm = 8 zs = 3 f = 5
Selecting parameters:
zc = 9 zm = 8 zs = 0 f = 0 IDAT size = 12196
Output IDAT size = 12196 bytes (5142 bytes decrease)
Output file size = 12274 bytes (5166 bytes = 29.62% decrease)
** Processing: /home/hornik/tmp/R.check/r-devel-clang/Work/PKGS/aqp.Rcheck/vign_test/aqp/vignettes/label-placement_files/figure-html/unnamed-chunk-13-2.png
272x160 pixels, 3x8 bits/pixel, RGB
Input IDAT size = 23834 bytes
Input file size = 23936 bytes
Trying:
zc = 9 zm = 8 zs = 0 f = 0 IDAT size = 17163
zc = 9 zm = 8 zs = 1 f = 0
zc = 1 zm = 8 zs = 2 f = 0
zc = 9 zm = 8 zs = 3 f = 0
zc = 9 zm = 8 zs = 0 f = 5
zc = 9 zm = 8 zs = 1 f = 5
zc = 1 zm = 8 zs = 2 f = 5
zc = 9 zm = 8 zs = 3 f = 5
Selecting parameters:
zc = 9 zm = 8 zs = 0 f = 0 IDAT size = 17163
Output IDAT size = 17163 bytes (6671 bytes decrease)
Output file size = 17241 bytes (6695 bytes = 27.97% decrease)
** Processing: /home/hornik/tmp/R.check/r-devel-clang/Work/PKGS/aqp.Rcheck/vign_test/aqp/vignettes/label-placement_files/figure-html/unnamed-chunk-13-3.png
272x160 pixels, 3x8 bits/pixel, RGB
Input IDAT size = 34146 bytes
Input file size = 34272 bytes
Trying:
zc = 9 zm = 8 zs = 0 f = 0 IDAT size = 29814
zc = 9 zm = 8 zs = 1 f = 0
zc = 1 zm = 8 zs = 2 f = 0
zc = 9 zm = 8 zs = 3 f = 0
zc = 9 zm = 8 zs = 0 f = 5
zc = 9 zm = 8 zs = 1 f = 5
zc = 1 zm = 8 zs = 2 f = 5
zc = 9 zm = 8 zs = 3 f = 5
Selecting parameters:
zc = 9 zm = 8 zs = 0 f = 0 IDAT size = 29814
Output IDAT size = 29814 bytes (4332 bytes decrease)
Output file size = 29892 bytes (4380 bytes = 12.78% decrease)
** Processing: /home/hornik/tmp/R.check/r-devel-clang/Work/PKGS/aqp.Rcheck/vign_test/aqp/vignettes/label-placement_files/figure-html/unnamed-chunk-13-4.png
272x160 pixels, 3x8 bits/pixel, RGB
Input IDAT size = 34091 bytes
Input file size = 34217 bytes
Trying:
zc = 9 zm = 8 zs = 0 f = 0 IDAT size = 33702
zc = 9 zm = 8 zs = 1 f = 0
zc = 1 zm = 8 zs = 2 f = 0
zc = 9 zm = 8 zs = 3 f = 0
zc = 9 zm = 8 zs = 0 f = 5 IDAT size = 32562
zc = 9 zm = 8 zs = 1 f = 5
zc = 1 zm = 8 zs = 2 f = 5
zc = 9 zm = 8 zs = 3 f = 5
Selecting parameters:
zc = 9 zm = 8 zs = 0 f = 5 IDAT size = 32562
Output IDAT size = 32562 bytes (1529 bytes decrease)
Output file size = 32640 bytes (1577 bytes = 4.61% decrease)
** Processing: /home/hornik/tmp/R.check/r-devel-clang/Work/PKGS/aqp.Rcheck/vign_test/aqp/vignettes/label-placement_files/figure-html/unnamed-chunk-13-5.png
272x160 pixels, 3x8 bits/pixel, RGB
Input IDAT size = 37804 bytes
Input file size = 37930 bytes
Trying:
zc = 9 zm = 8 zs = 0 f = 0
zc = 9 zm = 8 zs = 1 f = 0
zc = 1 zm = 8 zs = 2 f = 0
zc = 9 zm = 8 zs = 3 f = 0
zc = 9 zm = 8 zs = 0 f = 5 IDAT size = 35774
zc = 9 zm = 8 zs = 1 f = 5
zc = 1 zm = 8 zs = 2 f = 5
zc = 9 zm = 8 zs = 3 f = 5
Selecting parameters:
zc = 9 zm = 8 zs = 0 f = 5 IDAT size = 35774
Output IDAT size = 35774 bytes (2030 bytes decrease)
Output file size = 35852 bytes (2078 bytes = 5.48% decrease)
** Processing: /home/hornik/tmp/R.check/r-devel-clang/Work/PKGS/aqp.Rcheck/vign_test/aqp/vignettes/label-placement_files/figure-html/unnamed-chunk-16-1.png
256x192 pixels, 3x8 bits/pixel, RGB
Input IDAT size = 17421 bytes
Input file size = 17523 bytes
Trying:
zc = 9 zm = 8 zs = 0 f = 0 IDAT size = 13285
zc = 9 zm = 8 zs = 1 f = 0
zc = 1 zm = 8 zs = 2 f = 0
zc = 9 zm = 8 zs = 3 f = 0
zc = 9 zm = 8 zs = 0 f = 5
zc = 9 zm = 8 zs = 1 f = 5
zc = 1 zm = 8 zs = 2 f = 5
zc = 9 zm = 8 zs = 3 f = 5
Selecting parameters:
zc = 9 zm = 8 zs = 0 f = 0 IDAT size = 13285
Output IDAT size = 13285 bytes (4136 bytes decrease)
Output file size = 13363 bytes (4160 bytes = 23.74% decrease)
** Processing: /home/hornik/tmp/R.check/r-devel-clang/Work/PKGS/aqp.Rcheck/vign_test/aqp/vignettes/label-placement_files/figure-html/unnamed-chunk-17-1.png
256x192 pixels, 3x8 bits/pixel, RGB
Input IDAT size = 33758 bytes
Input file size = 33884 bytes
Trying:
zc = 9 zm = 8 zs = 0 f = 0 IDAT size = 28869
zc = 9 zm = 8 zs = 1 f = 0
zc = 1 zm = 8 zs = 2 f = 0
zc = 9 zm = 8 zs = 3 f = 0
zc = 9 zm = 8 zs = 0 f = 5
zc = 9 zm = 8 zs = 1 f = 5
zc = 1 zm = 8 zs = 2 f = 5
zc = 9 zm = 8 zs = 3 f = 5
Selecting parameters:
zc = 9 zm = 8 zs = 0 f = 0 IDAT size = 28869
Output IDAT size = 28869 bytes (4889 bytes decrease)
Output file size = 28947 bytes (4937 bytes = 14.57% decrease)
--- finished re-building ‘label-placement.Rmd’
--- re-building ‘missing-data.Rmd’ using rmarkdown
** Processing: /home/hornik/tmp/R.check/r-devel-clang/Work/PKGS/aqp.Rcheck/vign_test/aqp/vignettes/missing-data_files/figure-html/unnamed-chunk-2-1.png
96x96 pixels, 3x8 bits/pixel, RGB
Input IDAT size = 5906 bytes
Input file size = 5984 bytes
Trying:
zc = 9 zm = 8 zs = 0 f = 0 IDAT size = 4572
zc = 9 zm = 8 zs = 1 f = 0
zc = 1 zm = 8 zs = 2 f = 0
zc = 9 zm = 8 zs = 3 f = 0
zc = 9 zm = 8 zs = 0 f = 5
zc = 9 zm = 8 zs = 1 f = 5
zc = 1 zm = 8 zs = 2 f = 5
zc = 9 zm = 8 zs = 3 f = 5
Selecting parameters:
zc = 9 zm = 8 zs = 0 f = 0 IDAT size = 4572
Output IDAT size = 4572 bytes (1334 bytes decrease)
Output file size = 4650 bytes (1334 bytes = 22.29% decrease)
** Processing: /home/hornik/tmp/R.check/r-devel-clang/Work/PKGS/aqp.Rcheck/vign_test/aqp/vignettes/missing-data_files/figure-html/unnamed-chunk-2-2.png
96x96 pixels, 3x8 bits/pixel, RGB
Input IDAT size = 4865 bytes
Input file size = 4943 bytes
Trying:
zc = 9 zm = 8 zs = 0 f = 0 IDAT size = 3599
zc = 9 zm = 8 zs = 1 f = 0
zc = 1 zm = 8 zs = 2 f = 0
zc = 9 zm = 8 zs = 3 f = 0
zc = 9 zm = 8 zs = 0 f = 5
zc = 9 zm = 8 zs = 1 f = 5
zc = 1 zm = 8 zs = 2 f = 5
zc = 9 zm = 8 zs = 3 f = 5
Selecting parameters:
zc = 9 zm = 8 zs = 0 f = 0 IDAT size = 3599
Output IDAT size = 3599 bytes (1266 bytes decrease)
Output file size = 3677 bytes (1266 bytes = 25.61% decrease)
** Processing: /home/hornik/tmp/R.check/r-devel-clang/Work/PKGS/aqp.Rcheck/vign_test/aqp/vignettes/missing-data_files/figure-html/unnamed-chunk-2-3.png
96x96 pixels, 3x8 bits/pixel, RGB
Input IDAT size = 5055 bytes
Input file size = 5133 bytes
Trying:
zc = 9 zm = 8 zs = 0 f = 0 IDAT size = 3943
zc = 9 zm = 8 zs = 1 f = 0
zc = 1 zm = 8 zs = 2 f = 0
zc = 9 zm = 8 zs = 3 f = 0
zc = 9 zm = 8 zs = 0 f = 5
zc = 9 zm = 8 zs = 1 f = 5
zc = 1 zm = 8 zs = 2 f = 5
zc = 9 zm = 8 zs = 3 f = 5
Selecting parameters:
zc = 9 zm = 8 zs = 0 f = 0 IDAT size = 3943
Output IDAT size = 3943 bytes (1112 bytes decrease)
Output file size = 4021 bytes (1112 bytes = 21.66% decrease)
** Processing: /home/hornik/tmp/R.check/r-devel-clang/Work/PKGS/aqp.Rcheck/vign_test/aqp/vignettes/missing-data_files/figure-html/unnamed-chunk-2-4.png
96x96 pixels, 3x8 bits/pixel, RGB
Input IDAT size = 5668 bytes
Input file size = 5746 bytes
Trying:
zc = 9 zm = 8 zs = 0 f = 0 IDAT size = 4290
zc = 9 zm = 8 zs = 1 f = 0
zc = 1 zm = 8 zs = 2 f = 0
zc = 9 zm = 8 zs = 3 f = 0
zc = 9 zm = 8 zs = 0 f = 5
zc = 9 zm = 8 zs = 1 f = 5
zc = 1 zm = 8 zs = 2 f = 5
zc = 9 zm = 8 zs = 3 f = 5
Selecting parameters:
zc = 9 zm = 8 zs = 0 f = 0 IDAT size = 4290
Output IDAT size = 4290 bytes (1378 bytes decrease)
Output file size = 4368 bytes (1378 bytes = 23.98% decrease)
** Processing: /home/hornik/tmp/R.check/r-devel-clang/Work/PKGS/aqp.Rcheck/vign_test/aqp/vignettes/missing-data_files/figure-html/unnamed-chunk-2-5.png
96x96 pixels, 3x8 bits/pixel, RGB
Input IDAT size = 7163 bytes
Input file size = 7241 bytes
Trying:
zc = 9 zm = 8 zs = 0 f = 0 IDAT size = 5391
zc = 9 zm = 8 zs = 1 f = 0
zc = 1 zm = 8 zs = 2 f = 0
zc = 9 zm = 8 zs = 3 f = 0
zc = 9 zm = 8 zs = 0 f = 5
zc = 9 zm = 8 zs = 1 f = 5
zc = 1 zm = 8 zs = 2 f = 5
zc = 9 zm = 8 zs = 3 f = 5
Selecting parameters:
zc = 9 zm = 8 zs = 0 f = 0 IDAT size = 5391
Output IDAT size = 5391 bytes (1772 bytes decrease)
Output file size = 5469 bytes (1772 bytes = 24.47% decrease)
Quitting from missing-data.Rmd:119-153 [unnamed-chunk-3]
~~~~~~~~~~~~~~~~~~~~~~~~~~~~~~~~~~~~~~~~~~~~~~~~~~~~~~~~~~~~~~~~~~~~~~~~~~~~~~~~~~~~~~~~~~~~~~~~~~~~
<error/rlang_error>
Error:
! Object `x` must be a SoilProfileCollection
---
Backtrace:
▆
1. └─aqp::plotSPC(...)
~~~~~~~~~~~~~~~~~~~~~~~~~~~~~~~~~~~~~~~~~~~~~~~~~~~~~~~~~~~~~~~~~~~~~~~~~~~~~~~~~~~~~~~~~~~~~~~~~~~~
Error: processing vignette 'missing-data.Rmd' failed with diagnostics:
Object `x` must be a SoilProfileCollection
--- failed re-building ‘missing-data.Rmd’
--- re-building ‘new-in-aqp-2.Rmd’ using rmarkdown
--- finished re-building ‘new-in-aqp-2.Rmd’
SUMMARY: processing the following file failed:
‘missing-data.Rmd’
Error: Vignette re-building failed.
Execution halted
Flavor: r-devel-linux-x86_64-debian-clang
Version: 2.2
Check: installed package size
Result: NOTE
installed size is 6.0Mb
sub-directories of 1Mb or more:
R 2.1Mb
data 2.1Mb
Flavors: r-oldrel-macos-arm64, r-oldrel-macos-x86_64, r-oldrel-windows-x86_64