CRAN Package Check Results for Package antitrust

Last updated on 2025-05-10 16:52:10 CEST.

Flavor Version Tinstall Tcheck Ttotal Status Flags
r-devel-linux-x86_64-debian-clang 0.99.26 10.56 74.73 85.29 NOTE
r-devel-linux-x86_64-debian-gcc 0.99.26 7.72 52.37 60.09 NOTE
r-devel-linux-x86_64-fedora-clang 0.99.26 148.18 NOTE
r-devel-linux-x86_64-fedora-gcc 0.99.26 140.65 NOTE
r-devel-windows-x86_64 0.99.26 12.00 92.00 104.00 NOTE
r-patched-linux-x86_64 0.99.26 10.32 69.85 80.17 NOTE
r-release-linux-x86_64 0.99.26 9.33 70.00 79.33 NOTE
r-release-macos-arm64 0.99.26 46.00 NOTE
r-release-macos-x86_64 0.99.26 97.00 NOTE
r-release-windows-x86_64 0.99.26 12.00 93.00 105.00 NOTE
r-oldrel-macos-arm64 0.99.26 52.00 NOTE
r-oldrel-macos-x86_64 0.99.26 77.00 NOTE
r-oldrel-windows-x86_64 0.99.26 11.00 109.00 120.00 NOTE

Check Details

Version: 0.99.26
Check: Rd files
Result: NOTE checkRd: (-1) PS-methods.Rd:61: Lost braces in \itemize; \value handles \item{}{} directly checkRd: (-1) PS-methods.Rd:62: Lost braces in \itemize; \value handles \item{}{} directly checkRd: (-1) PS-methods.Rd:63: Lost braces in \itemize; \value handles \item{}{} directly checkRd: (-1) PS-methods.Rd:64: Lost braces in \itemize; \value handles \item{}{} directly checkRd: (-1) PS-methods.Rd:65-67: Lost braces in \itemize; \value handles \item{}{} directly checkRd: (-1) Sim-Functions.Rd:126: Lost braces in \itemize; meant \describe ? checkRd: (-1) Sim-Functions.Rd:127-129: Lost braces in \itemize; meant \describe ? checkRd: (-1) Sim-Functions.Rd:135: Lost braces in \itemize; meant \describe ? checkRd: (-1) Sim-Functions.Rd:136-137: Lost braces in \itemize; meant \describe ? checkRd: (-1) Sim-Functions.Rd:138-140: Lost braces in \itemize; meant \describe ? checkRd: (-1) Sim-Functions.Rd:141-143: Lost braces in \itemize; meant \describe ? Flavors: r-devel-linux-x86_64-debian-clang, r-devel-linux-x86_64-debian-gcc, r-devel-linux-x86_64-fedora-clang, r-devel-linux-x86_64-fedora-gcc, r-devel-windows-x86_64, r-patched-linux-x86_64, r-release-linux-x86_64, r-release-macos-arm64, r-release-macos-x86_64, r-release-windows-x86_64, r-oldrel-macos-arm64, r-oldrel-macos-x86_64, r-oldrel-windows-x86_64