Last updated on 2025-11-06 15:50:00 CET.
| Flavor | Version | Tinstall | Tcheck | Ttotal | Status | Flags |
|---|---|---|---|---|---|---|
| r-devel-linux-x86_64-debian-clang | 2.9.2 | 14.54 | 234.13 | 248.67 | OK | |
| r-devel-linux-x86_64-debian-gcc | 2.9.2 | 9.30 | 152.32 | 161.62 | OK | |
| r-devel-linux-x86_64-fedora-clang | 2.9.3 | 72.00 | 327.57 | 399.57 | OK | |
| r-devel-linux-x86_64-fedora-gcc | 2.9.3 | 50.00 | 289.81 | 339.81 | OK | |
| r-devel-windows-x86_64 | 2.9.2 | 18.00 | 187.00 | 205.00 | OK | |
| r-patched-linux-x86_64 | 2.9.2 | 15.45 | 206.10 | 221.55 | OK | |
| r-release-linux-x86_64 | 2.9.2 | 14.02 | 205.56 | 219.58 | OK | |
| r-release-macos-arm64 | 11.00 | 81.00 | 92.00 | FAIL | ||
| r-release-macos-x86_64 | 2.9.3 | 7.00 | 97.00 | 104.00 | OK | |
| r-release-windows-x86_64 | 2.9.2 | 18.00 | 187.00 | 205.00 | OK | |
| r-oldrel-macos-arm64 | 2.9.3 | 7.00 | 98.00 | 105.00 | OK | |
| r-oldrel-macos-x86_64 | 2.9.3 | 8.00 | 99.00 | 107.00 | OK | |
| r-oldrel-windows-x86_64 | 2.9.2 | 22.00 | 236.00 | 258.00 | OK |
Version: 2.9.3
Check: tests
Result: FAIL
Flavor: r-release-macos-arm64