Last updated on 2025-07-28 12:49:57 CEST.
Flavor | Version | Tinstall | Tcheck | Ttotal | Status | Flags |
---|---|---|---|---|---|---|
r-devel-linux-x86_64-debian-clang | 1.0.0 | 4.12 | 49.18 | 53.30 | NOTE | |
r-devel-linux-x86_64-debian-gcc | 1.0.0 | 2.82 | 36.93 | 39.75 | NOTE | |
r-devel-linux-x86_64-fedora-clang | 1.0.0 | 80.95 | OK | |||
r-devel-linux-x86_64-fedora-gcc | 1.0.0 | 90.80 | OK | |||
r-devel-windows-x86_64 | 1.0.0 | 7.00 | 91.00 | 98.00 | OK | |
r-patched-linux-x86_64 | 1.0.0 | 3.29 | 46.05 | 49.34 | OK | |
r-release-linux-x86_64 | 1.0.0 | 3.42 | 46.34 | 49.76 | OK | |
r-release-macos-arm64 | 1.0.0 | 71.00 | OK | |||
r-release-macos-x86_64 | 1.0.0 | 95.00 | OK | |||
r-release-windows-x86_64 | 1.0.0 | 6.00 | 93.00 | 99.00 | OK | |
r-oldrel-macos-arm64 | 1.0.0 | 61.00 | OK | |||
r-oldrel-macos-x86_64 | 1.0.0 | 78.00 | OK | |||
r-oldrel-windows-x86_64 | 1.0.0 | 8.00 | 102.00 | 110.00 | OK |
Version: 1.0.0
Check: CRAN incoming feasibility
Result: NOTE
Maintainer: ‘Housen Chu <hchu@lbl.gov>’
Package CITATION file contains call(s) to old-style personList() or
as.personList(). Please use c() on person objects instead.
Package CITATION file contains call(s) to old-style citEntry(). Please
use bibentry() instead.
Flavors: r-devel-linux-x86_64-debian-clang, r-devel-linux-x86_64-debian-gcc