Last updated on 2025-05-10 20:49:34 CEST.
Flavor | Version | Tinstall | Tcheck | Ttotal | Status | Flags |
---|---|---|---|---|---|---|
r-devel-linux-x86_64-debian-clang | 1.2.3 | 39.43 | 369.68 | 409.11 | NOTE | |
r-devel-linux-x86_64-debian-gcc | 1.2.3 | 25.98 | 232.89 | 258.87 | NOTE | |
r-devel-linux-x86_64-fedora-clang | 1.2.3 | 669.69 | NOTE | |||
r-devel-linux-x86_64-fedora-gcc | 1.2.3 | 643.17 | NOTE | |||
r-devel-windows-x86_64 | 1.2.3 | 38.00 | 320.00 | 358.00 | NOTE | |
r-patched-linux-x86_64 | 1.2.3 | 37.00 | 339.91 | 376.91 | NOTE | |
r-release-linux-x86_64 | 1.2.3 | 35.74 | 339.77 | 375.51 | NOTE | |
r-release-macos-arm64 | 1.2.3 | 144.00 | NOTE | |||
r-release-macos-x86_64 | 1.2.3 | 310.00 | OK | |||
r-release-windows-x86_64 | 1.2.3 | 38.00 | 318.00 | 356.00 | NOTE | |
r-oldrel-macos-arm64 | 1.2.3 | 131.00 | OK | |||
r-oldrel-macos-x86_64 | 1.2.3 | 327.00 | OK | |||
r-oldrel-windows-x86_64 | 1.2.3 | 54.00 | 432.00 | 486.00 | OK |
Version: 1.2.3
Check: DESCRIPTION meta-information
Result: NOTE
Missing dependency on R >= 4.2.0 because package code uses the pipe
placeholder syntax added in R 4.2.0.
File(s) using such syntax:
‘calculate_covariates.R’
Flavors: r-devel-linux-x86_64-debian-clang, r-devel-linux-x86_64-debian-gcc, r-devel-linux-x86_64-fedora-clang, r-devel-linux-x86_64-fedora-gcc, r-devel-windows-x86_64, r-patched-linux-x86_64, r-release-linux-x86_64, r-release-macos-arm64, r-release-windows-x86_64