Last updated on 2025-05-10 20:49:34 CEST.
Flavor | Version | Tinstall | Tcheck | Ttotal | Status | Flags |
---|---|---|---|---|---|---|
r-devel-linux-x86_64-debian-clang | 1.4.3 | 7.87 | 67.49 | 75.36 | NOTE | |
r-devel-linux-x86_64-debian-gcc | 1.4.3 | 6.16 | 49.28 | 55.44 | NOTE | |
r-devel-linux-x86_64-fedora-clang | 1.4.3 | 110.86 | NOTE | |||
r-devel-linux-x86_64-fedora-gcc | 1.4.3 | 125.47 | NOTE | |||
r-devel-windows-x86_64 | 1.4.3 | 10.00 | 77.00 | 87.00 | NOTE | |
r-patched-linux-x86_64 | 1.4.3 | 7.77 | 62.18 | 69.95 | NOTE | |
r-release-linux-x86_64 | 1.4.3 | 7.62 | 62.27 | 69.89 | NOTE | |
r-release-macos-arm64 | 1.4.3 | 39.00 | NOTE | |||
r-release-macos-x86_64 | 1.4.3 | 76.00 | NOTE | |||
r-release-windows-x86_64 | 1.4.3 | 11.00 | 78.00 | 89.00 | NOTE | |
r-oldrel-macos-arm64 | 1.4.3 | 46.00 | OK | |||
r-oldrel-macos-x86_64 | 1.4.3 | 130.00 | OK | |||
r-oldrel-windows-x86_64 | 1.4.3 | 14.00 | 95.00 | 109.00 | OK |
Version: 1.4.3
Check: DESCRIPTION meta-information
Result: NOTE
Missing dependency on R >= 4.1.0 because package code uses the pipe
|> or function shorthand \(...) syntax added in R 4.1.0.
File(s) using such syntax:
‘airship.R’
Flavors: r-devel-linux-x86_64-debian-clang, r-devel-linux-x86_64-debian-gcc, r-devel-linux-x86_64-fedora-clang, r-devel-linux-x86_64-fedora-gcc, r-devel-windows-x86_64, r-patched-linux-x86_64, r-release-linux-x86_64, r-release-macos-arm64, r-release-macos-x86_64, r-release-windows-x86_64