Last updated on 2025-05-10 20:49:34 CEST.
Flavor | Version | Tinstall | Tcheck | Ttotal | Status | Flags |
---|---|---|---|---|---|---|
r-devel-linux-x86_64-debian-clang | 0.1.0 | 2.90 | 34.02 | 36.92 | NOTE | |
r-devel-linux-x86_64-debian-gcc | 0.1.0 | 2.13 | 25.78 | 27.91 | NOTE | |
r-devel-linux-x86_64-fedora-clang | 0.1.0 | 55.56 | NOTE | |||
r-devel-linux-x86_64-fedora-gcc | 0.1.0 | 53.44 | NOTE | |||
r-devel-windows-x86_64 | 0.1.0 | 5.00 | 51.00 | 56.00 | NOTE | |
r-patched-linux-x86_64 | 0.1.0 | 2.81 | 31.41 | 34.22 | NOTE | |
r-release-linux-x86_64 | 0.1.0 | 2.62 | 31.26 | 33.88 | NOTE | |
r-release-macos-arm64 | 0.1.0 | 23.00 | NOTE | |||
r-release-macos-x86_64 | 0.1.0 | 38.00 | NOTE | |||
r-release-windows-x86_64 | 0.1.0 | 4.00 | 53.00 | 57.00 | NOTE | |
r-oldrel-macos-arm64 | 0.1.0 | 22.00 | NOTE | |||
r-oldrel-macos-x86_64 | 0.1.0 | 30.00 | NOTE | |||
r-oldrel-windows-x86_64 | 0.1.0 | 5.00 | 61.00 | 66.00 | NOTE |
Version: 0.1.0
Check: Rd files
Result: NOTE
checkRd: (-1) get_airnow_area.Rd:25: Lost braces; missing escapes or markup?
25 | \item{parameters}{Parameter(s) to return data for. Choices are PM_{2.5}
| ^
Flavors: r-devel-linux-x86_64-debian-clang, r-devel-linux-x86_64-debian-gcc, r-devel-linux-x86_64-fedora-clang, r-devel-linux-x86_64-fedora-gcc, r-devel-windows-x86_64, r-patched-linux-x86_64, r-release-linux-x86_64, r-release-macos-arm64, r-release-macos-x86_64, r-release-windows-x86_64, r-oldrel-macos-arm64, r-oldrel-macos-x86_64, r-oldrel-windows-x86_64