Last updated on 2025-05-10 20:49:34 CEST.
Flavor | Version | Tinstall | Tcheck | Ttotal | Status | Flags |
---|---|---|---|---|---|---|
r-devel-linux-x86_64-debian-clang | 0.2.0 | 1.68 | 19.85 | 21.53 | OK | |
r-devel-linux-x86_64-debian-gcc | 0.2.0 | 1.32 | 16.38 | 17.70 | OK | |
r-devel-linux-x86_64-fedora-clang | 0.2.0 | 35.53 | OK | |||
r-devel-linux-x86_64-fedora-gcc | 0.2.0 | 48.07 | OK | |||
r-devel-windows-x86_64 | 0.2.0 | 2.00 | 40.00 | 42.00 | OK | |
r-patched-linux-x86_64 | 0.2.0 | 1.63 | 18.95 | 20.58 | OK | |
r-release-linux-x86_64 | 0.2.0 | 1.40 | 19.25 | 20.65 | OK | |
r-release-macos-arm64 | 0.2.0 | 22.00 | OK | |||
r-release-macos-x86_64 | 0.2.0 | 39.00 | OK | |||
r-release-windows-x86_64 | 0.2.0 | 4.00 | 41.00 | 45.00 | OK | |
r-oldrel-macos-arm64 | 0.2.0 | 29.00 | NOTE | |||
r-oldrel-macos-x86_64 | 0.2.0 | 34.00 | NOTE | |||
r-oldrel-windows-x86_64 | 0.2.0 | 4.00 | 45.00 | 49.00 | NOTE |
Version: 0.2.0
Check: LazyData
Result: NOTE
'LazyData' is specified without a 'data' directory
Flavors: r-oldrel-macos-arm64, r-oldrel-macos-x86_64, r-oldrel-windows-x86_64