Last updated on 2025-05-10 16:52:09 CEST.
Flavor | Version | Tinstall | Tcheck | Ttotal | Status | Flags |
---|---|---|---|---|---|---|
r-devel-linux-x86_64-debian-clang | 0.6.6 | 38.10 | 128.46 | 166.56 | OK | |
r-devel-linux-x86_64-debian-gcc | 0.6.6 | 29.85 | 98.82 | 128.67 | OK | |
r-devel-linux-x86_64-fedora-clang | 0.6.6 | 332.60 | OK | |||
r-devel-linux-x86_64-fedora-gcc | 0.6.6 | 320.92 | OK | |||
r-devel-windows-x86_64 | 0.6.6 | 66.00 | 441.00 | 507.00 | OK | |
r-patched-linux-x86_64 | 0.6.6 | 39.04 | 117.64 | 156.68 | OK | |
r-release-linux-x86_64 | 0.6.6 | 38.49 | 117.41 | 155.90 | OK | |
r-release-macos-arm64 | 0.6.6 | 81.00 | OK | |||
r-release-macos-x86_64 | 0.6.6 | 138.00 | OK | |||
r-release-windows-x86_64 | 0.6.6 | 65.00 | 422.00 | 487.00 | OK | |
r-oldrel-macos-arm64 | 0.6.6 | 75.00 | NOTE | |||
r-oldrel-macos-x86_64 | 0.6.6 | 99.00 | NOTE | |||
r-oldrel-windows-x86_64 | 0.6.6 | 65.00 | 301.00 | 366.00 | OK |
Version: 0.6.6
Check: installed package size
Result: NOTE
installed size is 5.7Mb
sub-directories of 1Mb or more:
extdata 3.4Mb
libs 2.1Mb
Flavors: r-oldrel-macos-arm64, r-oldrel-macos-x86_64