Last updated on 2025-05-10 16:52:09 CEST.
Flavor | Version | Tinstall | Tcheck | Ttotal | Status | Flags |
---|---|---|---|---|---|---|
r-devel-linux-x86_64-debian-clang | 1.7-23 | 76.91 | 305.35 | 382.26 | OK | |
r-devel-linux-x86_64-debian-gcc | 1.7-23 | 47.08 | 195.27 | 242.35 | OK | |
r-devel-linux-x86_64-fedora-clang | 1.7-23 | 661.91 | NOTE | |||
r-devel-linux-x86_64-fedora-gcc | 1.7-23 | 612.97 | NOTE | |||
r-devel-windows-x86_64 | 1.7-23 | 83.00 | 394.00 | 477.00 | OK | |
r-patched-linux-x86_64 | 1.7-23 | 76.91 | 289.60 | 366.51 | OK | |
r-release-linux-x86_64 | 1.7-23 | 73.40 | 287.41 | 360.81 | OK | |
r-release-macos-arm64 | 1.7-23 | 162.00 | OK | |||
r-release-macos-x86_64 | 1.7-23 | 407.00 | OK | |||
r-release-windows-x86_64 | 1.7-23 | 80.00 | 399.00 | 479.00 | OK | |
r-oldrel-macos-arm64 | 1.7-23 | 146.00 | NOTE | |||
r-oldrel-macos-x86_64 | 1.7-23 | 392.00 | NOTE | |||
r-oldrel-windows-x86_64 | 1.7-23 | 102.00 | 492.00 | 594.00 | NOTE |
Version: 1.7-23
Check: dependencies in R code
Result: NOTE
Namespace in Imports field not imported from: ‘sp’
All declared Imports should be used.
Flavors: r-devel-linux-x86_64-fedora-clang, r-devel-linux-x86_64-fedora-gcc
Version: 1.7-23
Check: installed package size
Result: NOTE
installed size is 9.3Mb
sub-directories of 1Mb or more:
R 2.0Mb
data 2.9Mb
libs 2.6Mb
Flavors: r-oldrel-macos-arm64, r-oldrel-macos-x86_64, r-oldrel-windows-x86_64