Last updated on 2025-07-16 04:50:05 CEST.
Flavor | Version | Tinstall | Tcheck | Ttotal | Status | Flags |
---|---|---|---|---|---|---|
r-devel-linux-x86_64-debian-clang | 0.19.0 | 77.46 | 20.82 | 98.28 | OK | |
r-devel-linux-x86_64-debian-gcc | 0.19.0 | 63.71 | 17.86 | 81.57 | OK | |
r-devel-linux-x86_64-fedora-clang | 0.19.0 | 171.55 | OK | |||
r-devel-linux-x86_64-fedora-gcc | 0.19.0 | 225.91 | OK | |||
r-devel-windows-x86_64 | 0.19.0 | 106.00 | 124.00 | 230.00 | OK | |
r-patched-linux-x86_64 | 0.18.0 | 88.59 | 18.50 | 107.09 | OK | |
r-release-linux-x86_64 | 0.18.0 | 89.41 | 18.50 | 107.91 | OK | |
r-release-macos-arm64 | 0.18.0 | 51.00 | OK | |||
r-release-macos-x86_64 | 0.19.0 | 82.00 | OK | |||
r-release-windows-x86_64 | 0.19.0 | 94.00 | 144.00 | 238.00 | OK | |
r-oldrel-macos-arm64 | 0.18.0 | 50.00 | NOTE | |||
r-oldrel-macos-x86_64 | 0.19.0 | 84.00 | NOTE | |||
r-oldrel-windows-x86_64 | 0.19.0 | 113.00 | 147.00 | 260.00 | NOTE |
Version: 0.18.0
Check: installed package size
Result: NOTE
installed size is 9.4Mb
sub-directories of 1Mb or more:
libs 9.3Mb
Flavor: r-oldrel-macos-arm64
Version: 0.19.0
Check: installed package size
Result: NOTE
installed size is 9.4Mb
sub-directories of 1Mb or more:
libs 9.3Mb
Flavors: r-oldrel-macos-x86_64, r-oldrel-windows-x86_64