Last updated on 2025-11-06 07:49:26 CET.
| Flavor | Version | Tinstall | Tcheck | Ttotal | Status | Flags |
|---|---|---|---|---|---|---|
| r-devel-linux-x86_64-debian-clang | 1.1.1 | 2.50 | 32.54 | 35.04 | OK | |
| r-devel-linux-x86_64-debian-gcc | 1.1.1 | 1.68 | 25.69 | 27.37 | OK | |
| r-devel-linux-x86_64-fedora-clang | 1.1.1 | 52.75 | OK | |||
| r-devel-linux-x86_64-fedora-gcc | 1.1.1 | 64.82 | OK | |||
| r-devel-windows-x86_64 | 1.1.1 | 4.00 | 54.00 | 58.00 | OK | |
| r-patched-linux-x86_64 | 1.1.1 | 2.62 | 29.96 | 32.58 | OK | |
| r-release-linux-x86_64 | 1.1.1 | 2.29 | 29.98 | 32.27 | OK | |
| r-release-macos-arm64 | 1.1.1 | 2.00 | 36.00 | 38.00 | OK | |
| r-release-macos-x86_64 | 1.1.1 | 2.00 | 43.00 | 45.00 | OK | |
| r-release-windows-x86_64 | 1.1.1 | 5.00 | 52.00 | 57.00 | OK | |
| r-oldrel-macos-arm64 | 1.1.1 | 1.00 | 25.00 | 26.00 | NOTE | |
| r-oldrel-macos-x86_64 | 1.1.1 | 2.00 | 42.00 | 44.00 | NOTE | |
| r-oldrel-windows-x86_64 | 1.1.1 | 7.00 | 60.00 | 67.00 | NOTE |
Version: 1.1.1
Check: LazyData
Result: NOTE
'LazyData' is specified without a 'data' directory
Flavors: r-oldrel-macos-arm64, r-oldrel-macos-x86_64, r-oldrel-windows-x86_64