Last updated on 2025-07-21 20:49:54 CEST.
Flavor | Version | Tinstall | Tcheck | Ttotal | Status | Flags |
---|---|---|---|---|---|---|
r-devel-linux-x86_64-debian-clang | 1.2 | 139.43 | 36.55 | 175.98 | OK | |
r-devel-linux-x86_64-debian-gcc | 1.2 | 119.57 | 29.60 | 149.17 | OK | |
r-devel-linux-x86_64-fedora-clang | 1.2 | 308.80 | OK | |||
r-devel-linux-x86_64-fedora-gcc | 1.2 | 302.22 | OK | |||
r-devel-windows-x86_64 | 1.2 | 132.00 | 49.00 | 181.00 | OK | |
r-patched-linux-x86_64 | 1.2 | 129.70 | 36.52 | 166.22 | OK | |
r-release-linux-x86_64 | 1.2 | 134.90 | 36.43 | 171.33 | OK | |
r-release-macos-arm64 | 1.2 | 119.00 | OK | |||
r-release-macos-x86_64 | 1.2 | 246.00 | OK | |||
r-release-windows-x86_64 | 1.2 | 138.00 | 53.00 | 191.00 | OK | |
r-oldrel-macos-arm64 | 1.2 | 134.00 | NOTE | |||
r-oldrel-macos-x86_64 | 1.2 | 268.00 | NOTE | |||
r-oldrel-windows-x86_64 | 1.2 | 201.00 | 62.00 | 263.00 | NOTE |
Version: 1.2
Check: installed package size
Result: NOTE
installed size is 15.6Mb
sub-directories of 1Mb or more:
data 15.6Mb
Flavors: r-oldrel-macos-arm64, r-oldrel-macos-x86_64, r-oldrel-windows-x86_64