Last updated on 2025-05-10 16:52:09 CEST.
Flavor | Version | Tinstall | Tcheck | Ttotal | Status | Flags |
---|---|---|---|---|---|---|
r-devel-linux-x86_64-debian-clang | 2.1 | 3.19 | 33.14 | 36.33 | NOTE | |
r-devel-linux-x86_64-debian-gcc | 2.1 | 2.60 | 25.70 | 28.30 | NOTE | |
r-devel-linux-x86_64-fedora-clang | 2.1 | 55.31 | OK | |||
r-devel-linux-x86_64-fedora-gcc | 2.1 | 53.64 | OK | |||
r-devel-windows-x86_64 | 2.1 | 5.00 | 58.00 | 63.00 | OK | |
r-patched-linux-x86_64 | 2.1 | 3.39 | 31.89 | 35.28 | OK | |
r-release-linux-x86_64 | 2.1 | 3.09 | 31.77 | 34.86 | OK | |
r-release-macos-arm64 | 2.1 | 26.00 | OK | |||
r-release-macos-x86_64 | 2.1 | 41.00 | OK | |||
r-release-windows-x86_64 | 2.1 | 5.00 | 59.00 | 64.00 | OK | |
r-oldrel-macos-arm64 | 2.1 | 21.00 | OK | |||
r-oldrel-macos-x86_64 | 2.1 | 43.00 | OK | |||
r-oldrel-windows-x86_64 | 2.1 | 6.00 | 64.00 | 70.00 | OK |
Version: 2.1
Check: CRAN incoming feasibility
Result: NOTE
Maintainer: ‘Siakoulis Vasilios <Siakoulis.Vasilios@atticabank.gr>’
No Authors@R field in DESCRIPTION.
Please add one, modifying
Authors@R: c(person(given = "Siakoulis",
family = "Vasileios",
role = "aut"),
person(given = "Siakoulis",
family = "Vasilios",
role = "cre",
email = "Siakoulis.Vasilios@atticabank.gr"))
as necessary.
Flavors: r-devel-linux-x86_64-debian-clang, r-devel-linux-x86_64-debian-gcc