CRAN Package Check Results for Package ZINARp

Last updated on 2025-05-10 16:52:46 CEST.

Flavor Version Tinstall Tcheck Ttotal Status Flags
r-devel-linux-x86_64-debian-clang 0.1.0 2.13 26.91 29.04 OK
r-devel-linux-x86_64-debian-gcc 0.1.0 1.37 20.36 21.73 OK
r-devel-linux-x86_64-fedora-clang 0.1.0 46.50 NOTE
r-devel-linux-x86_64-fedora-gcc 0.1.0 44.19 NOTE
r-devel-windows-x86_64 0.1.0 4.00 45.00 49.00 OK
r-patched-linux-x86_64 0.1.0 1.81 25.53 27.34 OK
r-release-linux-x86_64 0.1.0 1.82 24.80 26.62 OK
r-release-macos-arm64 0.1.0 26.00 OK
r-release-macos-x86_64 0.1.0 29.00 OK
r-release-windows-x86_64 0.1.0 4.00 46.00 50.00 OK
r-oldrel-macos-arm64 0.1.0 18.00 OK
r-oldrel-macos-x86_64 0.1.0 28.00 OK
r-oldrel-windows-x86_64 0.1.0 4.00 50.00 54.00 OK

Check Details

Version: 0.1.0
Check: dependencies in R code
Result: NOTE Namespace in Imports field not imported from: ‘utils’ All declared Imports should be used. Flavors: r-devel-linux-x86_64-fedora-clang, r-devel-linux-x86_64-fedora-gcc