Last updated on 2025-07-16 12:52:55 CEST.
Flavor | Version | Tinstall | Tcheck | Ttotal | Status | Flags |
---|---|---|---|---|---|---|
r-devel-linux-x86_64-debian-clang | 1.6 | 162.19 | 175.76 | 337.95 | OK | |
r-devel-linux-x86_64-debian-gcc | 1.6 | 126.49 | 106.18 | 232.67 | OK | |
r-devel-linux-x86_64-fedora-clang | 1.6 | 589.67 | OK | |||
r-devel-linux-x86_64-fedora-gcc | 1.6 | 631.73 | OK | |||
r-devel-windows-x86_64 | 1.6 | 181.00 | 180.00 | 361.00 | OK | |
r-patched-linux-x86_64 | 1.6 | 182.83 | 163.96 | 346.79 | OK | |
r-release-linux-x86_64 | 1.6 | 174.21 | 164.84 | 339.05 | OK | |
r-release-macos-arm64 | 1.6 | 122.00 | OK | |||
r-release-macos-x86_64 | 1.6 | 231.00 | OK | |||
r-release-windows-x86_64 | 1.6 | 180.00 | 189.00 | 369.00 | OK | |
r-oldrel-macos-arm64 | 1.6 | 142.00 | NOTE | |||
r-oldrel-macos-x86_64 | 1.6 | 210.00 | NOTE | |||
r-oldrel-windows-x86_64 | 1.6 | 213.00 | 239.00 | 452.00 | OK |
Version: 1.6
Check: installed package size
Result: NOTE
installed size is 15.9Mb
sub-directories of 1Mb or more:
doc 2.5Mb
libs 13.2Mb
Flavors: r-oldrel-macos-arm64, r-oldrel-macos-x86_64