Last updated on 2025-05-10 20:49:57 CEST.
Flavor | Version | Tinstall | Tcheck | Ttotal | Status | Flags |
---|---|---|---|---|---|---|
r-devel-linux-x86_64-debian-clang | 0.1.0 | 28.71 | 240.06 | 268.77 | OK | |
r-devel-linux-x86_64-debian-gcc | 0.1.0 | 19.74 | 156.80 | 176.54 | OK | |
r-devel-linux-x86_64-fedora-clang | 0.1.0 | 419.83 | OK | |||
r-devel-linux-x86_64-fedora-gcc | 0.1.0 | 405.07 | OK | |||
r-devel-windows-x86_64 | 0.1.0 | 26.00 | 183.00 | 209.00 | OK | |
r-patched-linux-x86_64 | 0.1.0 | 25.91 | 227.01 | 252.92 | OK | |
r-release-linux-x86_64 | 0.1.0 | 27.60 | 228.36 | 255.96 | OK | |
r-release-macos-arm64 | 0.1.0 | 96.00 | OK | |||
r-release-macos-x86_64 | 0.1.0 | 206.00 | OK | |||
r-release-windows-x86_64 | 0.1.0 | 26.00 | 186.00 | 212.00 | OK | |
r-oldrel-macos-arm64 | 0.1.0 | 81.00 | NOTE | |||
r-oldrel-macos-x86_64 | 0.1.0 | 137.00 | NOTE | |||
r-oldrel-windows-x86_64 | 0.1.0 | 35.00 | 262.00 | 297.00 | NOTE |
Version: 0.1.0
Check: LazyData
Result: NOTE
'LazyData' is specified without a 'data' directory
Flavors: r-oldrel-macos-arm64, r-oldrel-macos-x86_64, r-oldrel-windows-x86_64