Last updated on 2025-07-28 20:49:27 CEST.
Flavor | Version | Tinstall | Tcheck | Ttotal | Status | Flags |
---|---|---|---|---|---|---|
r-devel-linux-x86_64-debian-gcc | 2.0.7 | 50.81 | 30.30 | 81.11 | OK | |
r-devel-linux-x86_64-fedora-clang | 2.0.7 | 202.94 | OK | |||
r-devel-linux-x86_64-fedora-gcc | 2.0.7 | 176.55 | OK | |||
r-devel-windows-x86_64 | 2.0.7 | 80.00 | 92.00 | 172.00 | OK | |
r-release-linux-x86_64 | 2.0.7 | 69.05 | 37.76 | 106.81 | OK | |
r-release-macos-arm64 | 2.0.7 | 48.00 | OK | |||
r-release-macos-x86_64 | 2.0.7 | 65.00 | OK | |||
r-release-windows-x86_64 | 2.0.7 | 73.00 | 91.00 | 164.00 | OK | |
r-oldrel-macos-arm64 | 2.0.7 | 49.00 | NOTE | |||
r-oldrel-macos-x86_64 | 2.0.7 | 72.00 | NOTE | |||
r-oldrel-windows-x86_64 | 2.0.7 | 84.00 | 97.00 | 181.00 | OK |
Version: 2.0.7
Check: installed package size
Result: NOTE
installed size is 6.2Mb
sub-directories of 1Mb or more:
libs 5.9Mb
Flavors: r-oldrel-macos-arm64, r-oldrel-macos-x86_64