Last updated on 2025-07-28 04:50:20 CEST.
Flavor | Version | Tinstall | Tcheck | Ttotal | Status | Flags |
---|---|---|---|---|---|---|
r-devel-linux-x86_64-debian-clang | 1.4.8 | 6.92 | 62.10 | 69.02 | NOTE | |
r-devel-linux-x86_64-debian-gcc | 1.4.8 | 4.52 | 45.42 | 49.94 | NOTE | |
r-devel-linux-x86_64-fedora-clang | 1.4.8 | 101.69 | OK | |||
r-devel-linux-x86_64-fedora-gcc | 1.4.8 | 112.13 | OK | |||
r-devel-windows-x86_64 | 1.4.8 | 9.00 | 96.00 | 105.00 | OK | |
r-patched-linux-x86_64 | 1.4.8 | 6.79 | 54.24 | 61.03 | OK | |
r-release-linux-x86_64 | 1.4.8 | 6.78 | 55.27 | 62.05 | OK | |
r-release-macos-arm64 | 1.4.8 | 57.00 | OK | |||
r-release-macos-x86_64 | 1.4.8 | 99.00 | OK | |||
r-release-windows-x86_64 | 1.4.8 | 8.00 | 82.00 | 90.00 | OK | |
r-oldrel-macos-arm64 | 1.4.8 | 52.00 | OK | |||
r-oldrel-macos-x86_64 | 1.4.8 | 81.00 | OK | |||
r-oldrel-windows-x86_64 | 1.4.8 | 11.00 | 98.00 | 109.00 | OK |
Version: 1.4.8
Check: CRAN incoming feasibility
Result: NOTE
Maintainer: ‘Shixiang Wang <w_shixiang@163.com>’
Package CITATION file contains call(s) to old-style personList() or
as.personList(). Please use c() on person objects instead.
Package CITATION file contains call(s) to old-style citEntry(). Please
use bibentry() instead.
Flavors: r-devel-linux-x86_64-debian-clang, r-devel-linux-x86_64-debian-gcc