Last updated on 2025-07-17 20:50:30 CEST.
Flavor | Version | Tinstall | Tcheck | Ttotal | Status | Flags |
---|---|---|---|---|---|---|
r-devel-linux-x86_64-debian-clang | 3.0.5 | 2.57 | 50.53 | 53.10 | OK | |
r-devel-linux-x86_64-debian-gcc | 3.0.5 | 1.89 | 40.86 | 42.75 | OK | |
r-devel-linux-x86_64-fedora-clang | 3.0.5 | 81.55 | NOTE | |||
r-devel-linux-x86_64-fedora-gcc | 3.0.5 | 99.63 | NOTE | |||
r-devel-windows-x86_64 | 3.0.5 | 4.00 | 85.00 | 89.00 | OK | |
r-patched-linux-x86_64 | 3.0.5 | 2.37 | 48.71 | 51.08 | OK | |
r-release-linux-x86_64 | 3.0.5 | 2.14 | 48.33 | 50.47 | OK | |
r-release-macos-arm64 | 3.0.5 | 66.00 | OK | |||
r-release-macos-x86_64 | 3.0.5 | 73.00 | OK | |||
r-release-windows-x86_64 | 3.0.5 | 5.00 | 86.00 | 91.00 | OK | |
r-oldrel-macos-arm64 | 3.0.5 | 203.00 | OK | |||
r-oldrel-macos-x86_64 | 3.0.5 | 218.00 | OK | |||
r-oldrel-windows-x86_64 | 3.0.5 | 5.00 | 103.00 | 108.00 | OK |
Version: 3.0.5
Check: dependencies in R code
Result: NOTE
Namespace in Imports field not imported from: ‘tibble’
All declared Imports should be used.
Flavors: r-devel-linux-x86_64-fedora-clang, r-devel-linux-x86_64-fedora-gcc