CRAN Package Check Results for Package TreeDiagram

Last updated on 2025-05-10 12:49:57 CEST.

Flavor Version Tinstall Tcheck Ttotal Status Flags
r-devel-linux-x86_64-debian-clang 0.1.1 6.22 52.60 58.82 NOTE
r-devel-linux-x86_64-debian-gcc 0.1.1 3.96 38.11 42.07 NOTE
r-devel-linux-x86_64-fedora-clang 0.1.1 83.05 NOTE
r-devel-linux-x86_64-fedora-gcc 0.1.1 88.08 NOTE
r-devel-windows-x86_64 0.1.1 9.00 71.00 80.00 OK
r-patched-linux-x86_64 0.1.1 5.86 49.67 55.53 OK
r-release-linux-x86_64 0.1.1 6.39 49.43 55.82 OK
r-release-macos-arm64 0.1.1 29.00 OK
r-release-macos-x86_64 0.1.1 55.00 OK
r-release-windows-x86_64 0.1.1 8.00 71.00 79.00 OK
r-oldrel-macos-arm64 0.1.1 30.00 OK
r-oldrel-macos-x86_64 0.1.1 44.00 OK
r-oldrel-windows-x86_64 0.1.1 9.00 86.00 95.00 OK

Check Details

Version: 0.1.1
Check: CRAN incoming feasibility
Result: NOTE Maintainer: ‘Wen Tian (Wendy) Wang <wtwang@sfu.ca>’ No Authors@R field in DESCRIPTION. Please add one, modifying Authors@R: c(person(given = c("Wen", "Tian", "Wang,Lloyd"), family = "Elliott", role = "aut", comment = "Wendy"), person(given = c("Wen", "Tian"), family = "Wang", role = "cre", email = "wtwang@sfu.ca", comment = "Wendy")) as necessary. Flavors: r-devel-linux-x86_64-debian-clang, r-devel-linux-x86_64-debian-gcc

Version: 0.1.1
Check: dependencies in R code
Result: NOTE Namespace in Imports field not imported from: ‘tree’ All declared Imports should be used. Flavors: r-devel-linux-x86_64-fedora-clang, r-devel-linux-x86_64-fedora-gcc