Last updated on 2025-05-10 12:49:57 CEST.
Flavor | Version | Tinstall | Tcheck | Ttotal | Status | Flags |
---|---|---|---|---|---|---|
r-devel-linux-x86_64-debian-clang | 0.1.3 | 9.02 | 73.39 | 82.41 | NOTE | |
r-devel-linux-x86_64-debian-gcc | 0.1.3 | 6.43 | 52.41 | 58.84 | NOTE | |
r-devel-linux-x86_64-fedora-clang | 0.1.3 | 119.30 | OK | |||
r-devel-linux-x86_64-fedora-gcc | 0.1.3 | 123.85 | OK | |||
r-devel-windows-x86_64 | 0.1.3 | 10.00 | 103.00 | 113.00 | OK | |
r-patched-linux-x86_64 | 0.1.3 | 8.72 | 68.89 | 77.61 | OK | |
r-release-linux-x86_64 | 0.1.3 | 8.76 | 69.50 | 78.26 | OK | |
r-release-macos-arm64 | 0.1.3 | 41.00 | OK | |||
r-release-macos-x86_64 | 0.1.3 | 74.00 | OK | |||
r-release-windows-x86_64 | 0.1.3 | 10.00 | 102.00 | 112.00 | OK | |
r-oldrel-macos-arm64 | 0.1.3 | 39.00 | OK | |||
r-oldrel-macos-x86_64 | 0.1.3 | 63.00 | OK | |||
r-oldrel-windows-x86_64 | 0.1.3 | 13.00 | 127.00 | 140.00 | OK |
Version: 0.1.3
Check: CRAN incoming feasibility
Result: NOTE
Maintainer: ‘Silvestre Garcia de Jalon <s.garciadejalon@gmail.com>’
No Authors@R field in DESCRIPTION.
Please add one, modifying
Authors@R: person(given = c("Silvestre", "Garcia"),
family = "de Jalon",
role = c("aut", "cre"),
email = "s.garciadejalon@gmail.com")
as necessary.
Flavors: r-devel-linux-x86_64-debian-clang, r-devel-linux-x86_64-debian-gcc