CRAN Package Check Results for Package TideTables

Last updated on 2025-07-28 04:50:19 CEST.

Flavor Version Tinstall Tcheck Ttotal Status Flags
r-devel-linux-x86_64-debian-clang 0.0.3 2.86 35.70 38.56 NOTE
r-devel-linux-x86_64-debian-gcc 0.0.3 2.37 26.90 29.27 NOTE
r-devel-linux-x86_64-fedora-clang 0.0.3 54.95 OK
r-devel-linux-x86_64-fedora-gcc 0.0.3 50.67 OK
r-devel-windows-x86_64 0.0.3 4.00 52.00 56.00 OK
r-patched-linux-x86_64 0.0.3 3.04 29.71 32.75 OK
r-release-linux-x86_64 0.0.3 2.89 29.87 32.76 OK
r-release-macos-arm64 0.0.3 21.00 OK
r-release-macos-x86_64 0.0.3 34.00 OK
r-release-windows-x86_64 0.0.3 3.00 51.00 54.00 OK
r-oldrel-macos-arm64 0.0.3 20.00 OK
r-oldrel-macos-x86_64 0.0.3 29.00 OK
r-oldrel-windows-x86_64 0.0.3 5.00 59.00 64.00 OK

Check Details

Version: 0.0.3
Check: CRAN incoming feasibility
Result: NOTE Maintainer: ‘Moritz Mueller-Navarra <muellernavarra@gmail.com>’ Found the following URLs which should use \doi (with the DOI name only): File ‘BuildTT.Rd’: https://doi.org/10.5194/os-15-1363-2019 File ‘SynTT.Rd’: https://doi.org/10.5194/os-15-1363-2019 File ‘TideTable.Rd’: https://doi.org/10.5194/os-15-1363-2019 Flavors: r-devel-linux-x86_64-debian-clang, r-devel-linux-x86_64-debian-gcc