Last updated on 2025-07-16 09:51:33 CEST.
Flavor | Version | Tinstall | Tcheck | Ttotal | Status | Flags |
---|---|---|---|---|---|---|
r-devel-linux-x86_64-debian-clang | 0.1.0 | 5.66 | 47.04 | 52.70 | NOTE | |
r-devel-linux-x86_64-debian-gcc | 0.1.0 | 4.44 | 34.09 | 38.53 | NOTE | |
r-devel-linux-x86_64-fedora-clang | 0.1.0 | 79.87 | OK | |||
r-devel-linux-x86_64-fedora-gcc | 0.1.0 | 75.31 | OK | |||
r-devel-windows-x86_64 | 0.1.0 | 8.00 | 60.00 | 68.00 | OK | |
r-patched-linux-x86_64 | 0.1.0 | 5.96 | 42.74 | 48.70 | OK | |
r-release-linux-x86_64 | 0.1.0 | 5.63 | 42.77 | 48.40 | OK | |
r-release-macos-arm64 | 0.1.0 | 24.00 | OK | |||
r-release-macos-x86_64 | 0.1.0 | 44.00 | OK | |||
r-release-windows-x86_64 | 0.1.0 | 6.00 | 60.00 | 66.00 | OK | |
r-oldrel-macos-arm64 | 0.1.0 | 24.00 | OK | |||
r-oldrel-macos-x86_64 | 0.1.0 | 36.00 | OK | |||
r-oldrel-windows-x86_64 | 0.1.0 | 10.00 | 72.00 | 82.00 | OK |
Version: 0.1.0
Check: CRAN incoming feasibility
Result: NOTE
Maintainer: ‘Amit Sasson <amitsasson1@gmail.com>’
No Authors@R field in DESCRIPTION.
Please add one, modifying
Authors@R: person(given = "Amit",
family = "Sasson",
role = c("aut", "cre"),
email = "amitsasson1@gmail.com")
as necessary.
Flavors: r-devel-linux-x86_64-debian-clang, r-devel-linux-x86_64-debian-gcc