CRAN Package Check Results for Package ThankYouStars

Last updated on 2025-05-10 16:52:44 CEST.

Flavor Version Tinstall Tcheck Ttotal Status Flags
r-devel-linux-x86_64-debian-clang 0.2.0 1.56 21.98 23.54 OK
r-devel-linux-x86_64-debian-gcc 0.2.0 1.28 18.18 19.46 OK
r-devel-linux-x86_64-fedora-clang 0.2.0 34.91 OK
r-devel-linux-x86_64-fedora-gcc 0.2.0 47.50 OK
r-devel-windows-x86_64 0.2.0 3.00 41.00 44.00 OK
r-patched-linux-x86_64 0.2.0 1.47 20.09 21.56 OK
r-release-linux-x86_64 0.2.0 1.69 19.91 21.60 OK
r-release-macos-arm64 0.2.0 35.00 OK
r-release-macos-x86_64 0.2.0 42.00 OK
r-release-windows-x86_64 0.2.0 3.00 43.00 46.00 OK
r-oldrel-macos-arm64 0.2.0 20.00 NOTE
r-oldrel-macos-x86_64 0.2.0 31.00 NOTE
r-oldrel-windows-x86_64 0.2.0 3.00 46.00 49.00 NOTE

Check Details

Version: 0.2.0
Check: LazyData
Result: NOTE 'LazyData' is specified without a 'data' directory Flavors: r-oldrel-macos-arm64, r-oldrel-macos-x86_64, r-oldrel-windows-x86_64