Last updated on 2025-07-22 16:49:48 CEST.
Flavor | Version | Tinstall | Tcheck | Ttotal | Status | Flags |
---|---|---|---|---|---|---|
r-devel-linux-x86_64-debian-clang | 1.0.0 | 11.85 | 27.08 | 38.93 | OK | |
r-devel-linux-x86_64-debian-gcc | 1.0.0 | 9.40 | 21.91 | 31.31 | OK | |
r-devel-linux-x86_64-fedora-clang | 1.0.0 | 62.39 | NOTE | |||
r-devel-linux-x86_64-fedora-gcc | 1.0.0 | 59.32 | NOTE | |||
r-devel-windows-x86_64 | 1.0.0 | 14.00 | 58.00 | 72.00 | OK | |
r-patched-linux-x86_64 | 1.0.0 | 11.66 | 24.52 | 36.18 | OK | |
r-release-linux-x86_64 | 1.0.0 | 12.19 | 24.60 | 36.79 | OK | |
r-release-macos-arm64 | 1.0.0 | 27.00 | OK | |||
r-release-macos-x86_64 | 1.0.0 | 35.00 | OK | |||
r-release-windows-x86_64 | 1.0.0 | 16.00 | 66.00 | 82.00 | OK | |
r-oldrel-macos-arm64 | 1.0.0 | 23.00 | OK | |||
r-oldrel-macos-x86_64 | 1.0.0 | 32.00 | OK | |||
r-oldrel-windows-x86_64 | 1.0.0 | 19.00 | 73.00 | 92.00 | OK |
Version: 1.0.0
Check: dependencies in R code
Result: NOTE
Namespace in Imports field not imported from: ‘MASS’
All declared Imports should be used.
Flavors: r-devel-linux-x86_64-fedora-clang, r-devel-linux-x86_64-fedora-gcc