Last updated on 2025-05-10 16:52:44 CEST.
Flavor | Version | Tinstall | Tcheck | Ttotal | Status | Flags |
---|---|---|---|---|---|---|
r-devel-linux-x86_64-debian-clang | 0.12.10 | 17.75 | 127.29 | 145.04 | NOTE | |
r-devel-linux-x86_64-debian-gcc | 0.12.10 | 11.05 | 94.37 | 105.42 | NOTE | |
r-devel-linux-x86_64-fedora-clang | 0.12.10 | 244.01 | OK | |||
r-devel-linux-x86_64-fedora-gcc | 0.12.10 | 227.57 | OK | |||
r-devel-windows-x86_64 | 0.12.10 | 18.00 | 128.00 | 146.00 | NOTE | |
r-patched-linux-x86_64 | 0.12.10 | 14.05 | 120.41 | 134.46 | NOTE | |
r-release-linux-x86_64 | 0.12.10 | 16.40 | 117.37 | 133.77 | NOTE | |
r-release-macos-arm64 | 0.12.10 | 91.00 | OK | |||
r-release-macos-x86_64 | 0.12.10 | 140.00 | OK | |||
r-release-windows-x86_64 | 0.12.10 | 18.00 | 241.00 | 259.00 | NOTE | |
r-oldrel-macos-arm64 | 0.12.10 | 59.00 | OK | |||
r-oldrel-macos-x86_64 | 0.12.10 | 91.00 | OK | |||
r-oldrel-windows-x86_64 | 0.12.10 | 24.00 | 167.00 | 191.00 | OK |
Version: 0.12.10
Check: Rd cross-references
Result: NOTE
Found the following Rd file(s) with Rd \link{} targets missing package
anchors:
plot1GS.Rd: element_text, +.gg
plotFit.GS.Rd: +.gg
plotMultipleGS.Rd: element_text, +.gg
plotPat.1GS.Rd: element_text, +.gg
plotSelect.GS.Rd: element_text, +.gg
Please provide package anchors for all Rd \link{} targets not in the
package itself and the base packages.
Flavors: r-devel-linux-x86_64-debian-clang, r-devel-linux-x86_64-debian-gcc, r-devel-windows-x86_64, r-patched-linux-x86_64, r-release-linux-x86_64, r-release-windows-x86_64